CRAN Package Check Results for Package SynthTools

Last updated on 2023-09-26 13:08:45 CEST.

Flavor Version Tinstall Tcheck Ttotal Status Flags
r-devel-linux-x86_64-debian-clang 1.0.1 2.83 34.52 37.35 OK
r-devel-linux-x86_64-debian-gcc 1.0.1 2.37 26.57 28.94 OK
r-devel-linux-x86_64-fedora-clang 1.0.1 46.63 NOTE
r-devel-linux-x86_64-fedora-gcc 1.0.1 45.88 NOTE
r-devel-windows-x86_64 1.0.1 5.00 55.00 60.00 OK
r-patched-linux-x86_64 1.0.1 3.42 33.07 36.49 OK
r-release-linux-x86_64 1.0.1 3.06 33.74 36.80 OK
r-release-macos-arm64 1.0.1 22.00 OK
r-release-macos-x86_64 1.0.1 29.00 OK
r-release-windows-x86_64 1.0.1 5.00 56.00 61.00 OK
r-oldrel-macos-arm64 1.0.1 21.00 NOTE
r-oldrel-macos-x86_64 1.0.1 38.00 NOTE
r-oldrel-windows-x86_64 1.0.1 5.00 59.00 64.00 OK

Check Details

Version: 1.0.1
Check: dependencies in R code
Result: NOTE
    Namespace in Imports field not imported from: ‘utils’
     All declared Imports should be used.
Flavors: r-devel-linux-x86_64-fedora-clang, r-devel-linux-x86_64-fedora-gcc, r-oldrel-macos-arm64, r-oldrel-macos-x86_64