CRAN Package Check Results for Package SynthTools

Last updated on 2022-09-28 12:55:31 CEST.

Flavor Version Tinstall Tcheck Ttotal Status Flags
r-devel-linux-x86_64-debian-clang 1.0.1 2.50 35.14 37.64 OK
r-devel-linux-x86_64-debian-gcc 1.0.1 2.37 27.72 30.09 OK
r-devel-linux-x86_64-fedora-clang 1.0.1 60.74 NOTE
r-devel-linux-x86_64-fedora-gcc 1.0.1 59.22 NOTE
r-devel-windows-x86_64 1.0.1 18.00 77.00 95.00 OK
r-patched-linux-x86_64 1.0.1 2.10 34.11 36.21 OK
r-release-linux-x86_64 1.0.1 2.50 33.53 36.03 OK
r-release-macos-arm64 1.0.1 21.00 NOTE
r-release-macos-x86_64 1.0.1 38.00 NOTE
r-release-windows-x86_64 1.0.1 10.00 70.00 80.00 OK
r-oldrel-macos-arm64 1.0.1 27.00 NOTE
r-oldrel-macos-x86_64 1.0.1 36.00 NOTE
r-oldrel-windows-ix86+x86_64 1.0.1 7.00 74.00 81.00 OK

Check Details

Version: 1.0.1
Check: dependencies in R code
Result: NOTE
    Namespace in Imports field not imported from: ‘utils’
     All declared Imports should be used.
Flavors: r-devel-linux-x86_64-fedora-clang, r-devel-linux-x86_64-fedora-gcc, r-release-macos-arm64, r-release-macos-x86_64, r-oldrel-macos-arm64, r-oldrel-macos-x86_64