CRAN Package Check Results for Package SynDI

Last updated on 2022-10-02 21:53:55 CEST.

Flavor Version Tinstall Tcheck Ttotal Status Flags
r-devel-linux-x86_64-debian-clang 0.1.0 5.59 175.81 181.40 OK
r-devel-linux-x86_64-debian-gcc 0.1.0 4.65 132.77 137.42 OK
r-devel-linux-x86_64-fedora-clang 0.1.0 232.80 NOTE
r-devel-linux-x86_64-fedora-gcc 0.1.0 232.12 NOTE
r-devel-windows-x86_64 0.1.0 12.00 226.00 238.00 OK
r-patched-linux-x86_64 0.1.0 4.28 169.86 174.14 OK
r-release-linux-x86_64 0.1.0 4.68 168.99 173.67 OK
r-release-macos-arm64 0.1.0 97.00 NOTE
r-release-macos-x86_64 0.1.0 98.00 NOTE
r-release-windows-x86_64 0.1.0 19.00 219.00 238.00 OK
r-oldrel-macos-arm64 0.1.0 85.00 NOTE
r-oldrel-macos-x86_64 0.1.0 100.00 NOTE
r-oldrel-windows-ix86+x86_64 0.1.0 14.00 250.00 264.00 OK

Check Details

Version: 0.1.0
Check: dependencies in R code
Result: NOTE
    Namespaces in Imports field not imported from:
     ‘MASS’ ‘StackImpute’ ‘arm’ ‘boot’ ‘broom’ ‘knitr’ ‘mvtnorm’
     ‘randomForest’
     All declared Imports should be used.
Flavors: r-devel-linux-x86_64-fedora-clang, r-devel-linux-x86_64-fedora-gcc, r-release-macos-arm64, r-release-macos-x86_64, r-oldrel-macos-arm64, r-oldrel-macos-x86_64