Last updated on 2023-12-05 00:52:21 CET.
Flavor | Version | Tinstall | Tcheck | Ttotal | Status | Flags |
---|---|---|---|---|---|---|
r-devel-linux-x86_64-debian-clang | 0.1.0 | 7.77 | 96.28 | 104.05 | NOTE | |
r-devel-linux-x86_64-debian-gcc | 0.1.0 | 7.80 | 71.55 | 79.35 | NOTE | |
r-devel-linux-x86_64-fedora-clang | 0.1.0 | 130.69 | NOTE | |||
r-devel-linux-x86_64-fedora-gcc | 0.1.0 | 130.02 | NOTE | |||
r-devel-windows-x86_64 | 0.1.0 | 8.00 | 93.00 | 101.00 | NOTE | |
r-patched-linux-x86_64 | 0.1.0 | 9.85 | 93.66 | 103.51 | NOTE | |
r-release-linux-x86_64 | 0.1.0 | 7.69 | 92.12 | 99.81 | NOTE | |
r-release-macos-arm64 | 0.1.0 | 43.00 | NOTE | |||
r-release-macos-x86_64 | 0.1.0 | 66.00 | NOTE | |||
r-release-windows-x86_64 | 0.1.0 | 10.00 | 104.00 | 114.00 | NOTE | |
r-oldrel-macos-arm64 | 0.1.0 | 36.00 | NOTE | |||
r-oldrel-macos-x86_64 | 0.1.0 | 53.00 | NOTE | |||
r-oldrel-windows-x86_64 | 0.1.0 | 10.00 | 110.00 | 120.00 | NOTE |
Version: 0.1.0
Check: LazyData
Result: NOTE
'LazyData' is specified without a 'data' directory
Flavors: r-devel-linux-x86_64-debian-clang, r-devel-linux-x86_64-debian-gcc, r-devel-linux-x86_64-fedora-clang, r-devel-linux-x86_64-fedora-gcc, r-devel-windows-x86_64, r-patched-linux-x86_64, r-release-linux-x86_64, r-release-macos-arm64, r-release-macos-x86_64, r-release-windows-x86_64, r-oldrel-macos-arm64, r-oldrel-macos-x86_64, r-oldrel-windows-x86_64
Version: 0.1.0
Check: dependencies in R code
Result: NOTE
Namespace in Imports field not imported from: ‘base’
All declared Imports should be used.
Flavors: r-devel-linux-x86_64-fedora-clang, r-devel-linux-x86_64-fedora-gcc, r-oldrel-macos-arm64, r-oldrel-macos-x86_64