CRAN Package Check Results for Package SurvMI

Last updated on 2020-10-28 01:49:47 CET.

Flavor Version Tinstall Tcheck Ttotal Status Flags
r-devel-linux-x86_64-debian-clang 0.1.0 8.01 99.17 107.18 OK
r-devel-linux-x86_64-debian-gcc 0.1.0 7.48 69.95 77.43 OK
r-devel-linux-x86_64-fedora-clang 0.1.0 130.36 NOTE
r-devel-linux-x86_64-fedora-gcc 0.1.0 121.21 NOTE
r-devel-windows-ix86+x86_64 0.1.0 19.00 110.00 129.00 OK
r-patched-linux-x86_64 0.1.0 OK
r-patched-solaris-x86 0.1.0 162.10 NOTE
r-release-linux-x86_64 0.1.0 7.41 89.73 97.14 OK
r-release-macos-x86_64 0.1.0 NOTE
r-release-windows-ix86+x86_64 0.1.0 13.00 77.00 90.00 OK
r-oldrel-macos-x86_64 0.1.0 NOTE
r-oldrel-windows-ix86+x86_64 0.1.0 16.00 113.00 129.00 OK

Check Details

Version: 0.1.0
Check: dependencies in R code
Result: NOTE
    Namespace in Imports field not imported from: ‘base’
     All declared Imports should be used.
Flavors: r-devel-linux-x86_64-fedora-clang, r-devel-linux-x86_64-fedora-gcc, r-patched-solaris-x86, r-release-macos-x86_64, r-oldrel-macos-x86_64