CRAN Package Check Results for Package Superpower

Last updated on 2024-06-13 00:55:34 CEST.

Flavor Version Tinstall Tcheck Ttotal Status Flags
r-devel-linux-x86_64-debian-clang 0.2.0 15.64 435.33 450.97 OK
r-devel-linux-x86_64-debian-gcc 0.2.0 0.65 1.75 2.40 ERROR
r-devel-linux-x86_64-fedora-clang 0.2.0 566.69 NOTE
r-devel-linux-x86_64-fedora-gcc 0.2.0 552.24 NOTE
r-devel-windows-x86_64 0.2.0 16.00 377.00 393.00 OK
r-patched-linux-x86_64 0.2.0 22.22 424.67 446.89 OK
r-release-linux-x86_64 0.2.0 17.33 427.15 444.48 OK
r-release-macos-arm64 0.2.0 149.00 OK
r-release-macos-x86_64 0.2.0 229.00 OK
r-release-windows-x86_64 0.2.0 18.00 592.00 610.00 OK
r-oldrel-macos-arm64 0.2.0 175.00 OK
r-oldrel-macos-x86_64 0.2.0 293.00 OK
r-oldrel-windows-x86_64 0.2.0 22.00 413.00 435.00 OK

Check Details

Version: 0.2.0
Check: package dependencies
Result: ERROR Packages required but not available: 'afex', 'ggplot2', 'reshape2', 'dplyr', 'tidyselect', 'tidyr' Package suggested but not available for checking: ‘testthat’ See section ‘The DESCRIPTION file’ in the ‘Writing R Extensions’ manual. Flavor: r-devel-linux-x86_64-debian-gcc

Version: 0.2.0
Check: dependencies in R code
Result: NOTE Namespaces in Imports field not imported from: ‘gridExtra’ ‘mvtnorm’ All declared Imports should be used. Flavors: r-devel-linux-x86_64-fedora-clang, r-devel-linux-x86_64-fedora-gcc