CRAN Package Check Results for Package SuperpixelImageSegmentation

Last updated on 2022-10-02 21:53:55 CEST.

Flavor Version Tinstall Tcheck Ttotal Status Flags
r-devel-linux-x86_64-debian-clang 1.0.5 69.17 45.83 115.00 OK
r-devel-linux-x86_64-debian-gcc 1.0.5 56.41 34.86 91.27 OK
r-devel-linux-x86_64-fedora-clang 1.0.5 166.45 OK
r-devel-linux-x86_64-fedora-gcc 1.0.5 162.62 OK
r-devel-windows-x86_64 1.0.5 151.00 101.00 252.00 OK
r-patched-linux-x86_64 1.0.5 55.59 44.00 99.59 OK
r-release-linux-x86_64 1.0.5 60.77 43.07 103.84 OK
r-release-macos-arm64 1.0.5 42.00 NOTE
r-release-macos-x86_64 1.0.5 69.00 NOTE
r-release-windows-x86_64 1.0.5 148.00 157.00 305.00 OK
r-oldrel-macos-arm64 1.0.5 36.00 NOTE
r-oldrel-macos-x86_64 1.0.5 49.00 NOTE
r-oldrel-windows-ix86+x86_64 1.0.5 143.00 126.00 269.00 OK

Check Details

Version: 1.0.5
Check: installed package size
Result: NOTE
     installed size is 5.7Mb
     sub-directories of 1Mb or more:
     libs 5.4Mb
Flavors: r-release-macos-arm64, r-release-macos-x86_64, r-oldrel-macos-arm64, r-oldrel-macos-x86_64