CRAN Package Check Results for Package SuperGauss

Last updated on 2022-09-28 06:54:21 CEST.

Flavor Version Tinstall Tcheck Ttotal Status Flags
r-devel-linux-x86_64-debian-clang 2.0.3 80.04 226.24 306.28 OK
r-devel-linux-x86_64-debian-gcc 2.0.3 72.20 170.30 242.50 OK
r-devel-linux-x86_64-fedora-clang 2.0.3 436.77 OK
r-devel-linux-x86_64-fedora-gcc 2.0.3 409.20 OK
r-devel-windows-x86_64 2.0.3 101.00 264.00 365.00 OK
r-patched-linux-x86_64 2.0.3 64.52 216.57 281.09 OK
r-release-linux-x86_64 2.0.3 65.90 216.34 282.24 OK
r-release-macos-arm64 2.0.3 162.00 NOTE
r-release-macos-x86_64 2.0.3 171.00 NOTE
r-release-windows-x86_64 2.0.3 100.00 268.00 368.00 OK
r-oldrel-macos-arm64 2.0.3 178.00 NOTE
r-oldrel-macos-x86_64 2.0.3 162.00 NOTE
r-oldrel-windows-ix86+x86_64 2.0.3 210.00 295.00 505.00 OK

Check Details

Version: 2.0.3
Check: installed package size
Result: NOTE
     installed size is 7.7Mb
     sub-directories of 1Mb or more:
     libs 6.9Mb
Flavors: r-release-macos-arm64, r-release-macos-x86_64, r-oldrel-macos-arm64, r-oldrel-macos-x86_64