CRAN Package Check Results for Package SunsVoc

Last updated on 2022-10-07 21:51:21 CEST.

Flavor Version Tinstall Tcheck Ttotal Status Flags
r-devel-linux-x86_64-debian-clang 0.1.2 21.18 80.92 102.10 OK
r-devel-linux-x86_64-debian-gcc 0.1.2 20.05 60.35 80.40 OK
r-devel-linux-x86_64-fedora-clang 0.1.2 146.60 NOTE
r-devel-linux-x86_64-fedora-gcc 0.1.2 135.27 NOTE
r-devel-windows-x86_64 0.1.2 33.00 116.00 149.00 OK
r-patched-linux-x86_64 0.1.2 23.66 76.10 99.76 OK
r-release-linux-x86_64 0.1.2 22.98 75.55 98.53 OK
r-release-macos-arm64 0.1.2 54.00 NOTE
r-release-macos-x86_64 0.1.2 79.00 NOTE
r-release-windows-x86_64 0.1.2 35.00 116.00 151.00 OK
r-oldrel-macos-arm64 0.1.2 78.00 NOTE
r-oldrel-macos-x86_64 0.1.2 87.00 NOTE
r-oldrel-windows-ix86+x86_64 0.1.2 40.00 102.00 142.00 OK

Check Details

Version: 0.1.2
Check: dependencies in R code
Result: NOTE
    Namespace in Imports field not imported from: ‘data.table’
     All declared Imports should be used.
Flavors: r-devel-linux-x86_64-fedora-clang, r-devel-linux-x86_64-fedora-gcc, r-release-macos-arm64, r-release-macos-x86_64, r-oldrel-macos-arm64, r-oldrel-macos-x86_64