Last updated on 2023-09-27 21:01:37 CEST.
Flavor | Version | Tinstall | Tcheck | Ttotal | Status | Flags |
---|---|---|---|---|---|---|
r-devel-linux-x86_64-debian-clang | 0.1.2 | 21.71 | 72.28 | 93.99 | OK | |
r-devel-linux-x86_64-debian-gcc | 0.1.2 | 19.64 | 53.54 | 73.18 | OK | |
r-devel-linux-x86_64-fedora-clang | 0.1.2 | 119.50 | NOTE | |||
r-devel-linux-x86_64-fedora-gcc | 0.1.2 | 134.94 | NOTE | |||
r-devel-windows-x86_64 | 0.1.2 | 26.00 | 81.00 | 107.00 | OK | |
r-patched-linux-x86_64 | 0.1.2 | 23.56 | 68.51 | 92.07 | OK | |
r-release-linux-x86_64 | 0.1.2 | 21.71 | 68.32 | 90.03 | OK | |
r-release-macos-arm64 | 0.1.2 | 60.00 | OK | |||
r-release-macos-x86_64 | 0.1.2 | 80.00 | OK | |||
r-release-windows-x86_64 | 0.1.2 | 31.00 | 85.00 | 116.00 | OK | |
r-oldrel-macos-arm64 | 0.1.2 | 54.00 | NOTE | |||
r-oldrel-macos-x86_64 | 0.1.2 | 79.00 | NOTE | |||
r-oldrel-windows-x86_64 | 0.1.2 | 29.00 | 91.00 | 120.00 | OK |
Version: 0.1.2
Check: dependencies in R code
Result: NOTE
Namespace in Imports field not imported from: ‘data.table’
All declared Imports should be used.
Flavors: r-devel-linux-x86_64-fedora-clang, r-devel-linux-x86_64-fedora-gcc, r-oldrel-macos-arm64, r-oldrel-macos-x86_64