CRAN Package Check Results for Package Storm

Last updated on 2023-09-30 00:56:20 CEST.

Flavor Version Tinstall Tcheck Ttotal Status Flags
r-devel-linux-x86_64-debian-clang 1.2 3.21 24.11 27.32 NOTE
r-devel-linux-x86_64-debian-gcc 1.2 2.44 19.02 21.46 NOTE
r-devel-linux-x86_64-fedora-clang 1.2 33.94 NOTE
r-devel-linux-x86_64-fedora-gcc 1.2 34.47 NOTE
r-devel-windows-x86_64 1.2 3.00 42.00 45.00 NOTE
r-patched-linux-x86_64 1.2 2.59 23.79 26.38 NOTE
r-release-linux-x86_64 1.2 3.17 23.88 27.05 NOTE
r-release-macos-arm64 1.2 17.00 NOTE
r-release-macos-x86_64 1.2 20.00 NOTE
r-release-windows-x86_64 1.2 4.00 42.00 46.00 NOTE
r-oldrel-macos-arm64 1.2 16.00 NOTE
r-oldrel-macos-x86_64 1.2 21.00 NOTE
r-oldrel-windows-x86_64 1.2 6.00 59.00 65.00 NOTE

Check Details

Version: 1.2
Check: DESCRIPTION meta-information
Result: NOTE
    Malformed Title field: should not end in a period.
Flavors: r-devel-linux-x86_64-debian-clang, r-devel-linux-x86_64-debian-gcc, r-devel-linux-x86_64-fedora-clang, r-devel-linux-x86_64-fedora-gcc, r-devel-windows-x86_64, r-patched-linux-x86_64, r-release-linux-x86_64, r-release-macos-arm64, r-release-macos-x86_64, r-release-windows-x86_64, r-oldrel-macos-arm64, r-oldrel-macos-x86_64, r-oldrel-windows-x86_64