CRAN Package Check Results for Package Storm

Last updated on 2022-10-04 07:50:01 CEST.

Flavor Version Tinstall Tcheck Ttotal Status Flags
r-devel-linux-x86_64-debian-clang 1.2 2.56 25.20 27.76 NOTE
r-devel-linux-x86_64-debian-gcc 1.2 2.35 19.98 22.33 NOTE
r-devel-linux-x86_64-fedora-clang 1.2 49.25 NOTE
r-devel-linux-x86_64-fedora-gcc 1.2 46.98 NOTE
r-devel-windows-x86_64 1.2 9.00 50.00 59.00 NOTE
r-patched-linux-x86_64 1.2 2.10 24.56 26.66 NOTE
r-release-linux-x86_64 1.2 2.96 24.49 27.45 NOTE
r-release-macos-arm64 1.2 18.00 NOTE
r-release-macos-x86_64 1.2 21.00 NOTE
r-release-windows-x86_64 1.2 12.00 49.00 61.00 NOTE
r-oldrel-macos-arm64 1.2 23.00 NOTE
r-oldrel-macos-x86_64 1.2 27.00 NOTE
r-oldrel-windows-ix86+x86_64 1.2 9.00 49.00 58.00 NOTE

Check Details

Version: 1.2
Check: DESCRIPTION meta-information
Result: NOTE
    Malformed Title field: should not end in a period.
Flavors: r-devel-linux-x86_64-debian-clang, r-devel-linux-x86_64-debian-gcc, r-devel-linux-x86_64-fedora-clang, r-devel-linux-x86_64-fedora-gcc, r-devel-windows-x86_64, r-patched-linux-x86_64, r-release-linux-x86_64, r-release-macos-arm64, r-release-macos-x86_64, r-release-windows-x86_64, r-oldrel-macos-arm64, r-oldrel-macos-x86_64, r-oldrel-windows-ix86+x86_64