Last updated on 2022-08-08 00:54:21 CEST.
Flavor | Version | Tinstall | Tcheck | Ttotal | Status | Flags |
---|---|---|---|---|---|---|
r-devel-linux-x86_64-debian-clang | 1.1.0 | 597.87 | 202.28 | 800.15 | NOTE | |
r-devel-linux-x86_64-debian-gcc | 1.1.0 | 542.61 | 168.18 | 710.79 | NOTE | |
r-devel-linux-x86_64-fedora-clang | 1.1.0 | 1092.78 | NOTE | |||
r-devel-linux-x86_64-fedora-gcc | 1.1.0 | 1151.96 | NOTE | |||
r-devel-windows-x86_64 | 1.1.0 | 706.00 | 286.00 | 992.00 | NOTE | |
r-patched-linux-x86_64 | 1.1.0 | 552.44 | 220.50 | 772.94 | NOTE | |
r-release-linux-x86_64 | 1.1.0 | 458.46 | 227.44 | 685.90 | NOTE | |
r-release-macos-arm64 | 1.1.0 | 225.00 | NOTE | |||
r-release-macos-x86_64 | 1.1.0 | 360.00 | NOTE | |||
r-release-windows-x86_64 | 1.1.0 | 512.00 | 288.00 | 800.00 | NOTE | |
r-oldrel-macos-arm64 | 1.1.0 | 196.00 | NOTE | |||
r-oldrel-macos-x86_64 | 1.1.0 | 359.00 | NOTE | |||
r-oldrel-windows-ix86+x86_64 | 1.1.0 | 1280.00 | 390.00 | 1670.00 | NOTE |
Version: 1.1.0
Check: for GNU extensions in Makefiles
Result: NOTE
GNU make is a SystemRequirements.
Flavors: r-devel-linux-x86_64-debian-clang, r-devel-linux-x86_64-debian-gcc, r-devel-linux-x86_64-fedora-clang, r-devel-linux-x86_64-fedora-gcc, r-devel-windows-x86_64, r-patched-linux-x86_64, r-release-linux-x86_64, r-release-macos-arm64, r-release-macos-x86_64, r-release-windows-x86_64, r-oldrel-macos-arm64, r-oldrel-macos-x86_64, r-oldrel-windows-ix86+x86_64
Version: 1.1.0
Check: installed package size
Result: NOTE
installed size is 58.8Mb
sub-directories of 1Mb or more:
libs 57.9Mb
Flavors: r-devel-linux-x86_64-fedora-clang, r-devel-windows-x86_64, r-release-macos-arm64, r-release-macos-x86_64, r-release-windows-x86_64, r-oldrel-macos-arm64, r-oldrel-macos-x86_64, r-oldrel-windows-ix86+x86_64
Version: 1.1.0
Check: dependencies in R code
Result: NOTE
Namespaces in Imports field not imported from:
‘RcppParallel’ ‘httr’ ‘latex2exp’ ‘rstantools’ ‘tibble’ ‘tidyverse’
‘utils’
All declared Imports should be used.
Flavors: r-devel-linux-x86_64-fedora-clang, r-devel-linux-x86_64-fedora-gcc, r-release-macos-arm64, r-release-macos-x86_64, r-oldrel-macos-arm64, r-oldrel-macos-x86_64