CRAN Package Check Results for Package StanHeaders

Last updated on 2022-08-14 06:51:59 CEST.

Flavor Version Tinstall Tcheck Ttotal Status Flags
r-devel-linux-x86_64-debian-clang 2.21.0-7 30.99 501.95 532.94 OK
r-devel-linux-x86_64-debian-gcc 2.21.0-7 25.41 398.60 424.01 OK
r-devel-linux-x86_64-fedora-clang 2.21.0-7 645.08 NOTE
r-devel-linux-x86_64-fedora-gcc 2.21.0-7 666.93 OK
r-devel-windows-x86_64 2.21.0-7 2787.00 623.00 3410.00 NOTE
r-patched-linux-x86_64 2.21.0-7 24.68 489.23 513.91 OK
r-release-linux-x86_64 2.21.0-7 27.63 486.32 513.95 OK
r-release-macos-arm64 2.21.0-7 144.00 NOTE
r-release-macos-x86_64 2.21.0-7 193.00 NOTE
r-release-windows-x86_64 2.21.0-7 151.00 578.00 729.00 NOTE
r-oldrel-macos-arm64 2.21.0-7 174.00 NOTE
r-oldrel-macos-x86_64 2.21.0-7 304.00 NOTE
r-oldrel-windows-ix86+x86_64 2.21.0-7 105.00 557.00 662.00 NOTE

Check Details

Version: 2.21.0-7
Check: installed package size
Result: NOTE
     installed size is 13.4Mb
     sub-directories of 1Mb or more:
     include 10.7Mb
     lib 2.5Mb
Flavors: r-devel-linux-x86_64-fedora-clang, r-devel-windows-x86_64, r-release-macos-arm64, r-release-macos-x86_64, r-release-windows-x86_64, r-oldrel-macos-arm64, r-oldrel-macos-x86_64, r-oldrel-windows-ix86+x86_64