CRAN Package Check Results for Package SpotSampling

Last updated on 2022-09-28 18:49:09 CEST.

Flavor Version Tinstall Tcheck Ttotal Status Flags
r-devel-linux-x86_64-debian-clang 0.1.0 2.21 32.50 34.71 NOTE
r-devel-linux-x86_64-debian-gcc 0.1.0 2.14 24.89 27.03 NOTE
r-devel-linux-x86_64-fedora-clang 0.1.0 57.52 NOTE
r-devel-linux-x86_64-fedora-gcc 0.1.0 54.42 NOTE
r-devel-windows-x86_64 0.1.0 18.00 63.00 81.00 NOTE
r-patched-linux-x86_64 0.1.0 2.83 30.21 33.04 NOTE
r-release-linux-x86_64 0.1.0 2.71 30.09 32.80 NOTE
r-release-macos-arm64 0.1.0 19.00 NOTE
r-release-macos-x86_64 0.1.0 25.00 NOTE
r-release-windows-x86_64 0.1.0 15.00 64.00 79.00 NOTE
r-oldrel-macos-arm64 0.1.0 23.00 NOTE
r-oldrel-macos-x86_64 0.1.0 33.00 NOTE
r-oldrel-windows-ix86+x86_64 0.1.0 7.00 60.00 67.00 NOTE

Check Details

Version: 0.1.0
Check: LazyData
Result: NOTE
     'LazyData' is specified without a 'data' directory
Flavors: r-devel-linux-x86_64-debian-clang, r-devel-linux-x86_64-debian-gcc, r-devel-linux-x86_64-fedora-clang, r-devel-linux-x86_64-fedora-gcc, r-devel-windows-x86_64, r-patched-linux-x86_64, r-release-linux-x86_64, r-release-macos-arm64, r-release-macos-x86_64, r-release-windows-x86_64, r-oldrel-macos-arm64, r-oldrel-macos-x86_64, r-oldrel-windows-ix86+x86_64

Version: 0.1.0
Check: dependencies in R code
Result: NOTE
    Namespace in Imports field not imported from: ‘sampling’
     All declared Imports should be used.
Flavors: r-devel-linux-x86_64-fedora-clang, r-devel-linux-x86_64-fedora-gcc, r-release-macos-arm64, r-release-macos-x86_64, r-oldrel-macos-arm64, r-oldrel-macos-x86_64