CRAN Package Check Results for Package SplitGLM

Last updated on 2022-09-28 18:49:09 CEST.

Flavor Version Tinstall Tcheck Ttotal Status Flags
r-devel-linux-x86_64-debian-clang 1.0.4 112.95 35.42 148.37 OK
r-devel-linux-x86_64-debian-gcc 1.0.4 88.75 26.91 115.66 OK
r-devel-linux-x86_64-fedora-clang 1.0.4 243.28 WARN
r-devel-linux-x86_64-fedora-gcc 1.0.4 216.19 OK
r-devel-windows-x86_64 1.0.4 94.00 80.00 174.00 OK
r-patched-linux-x86_64 1.0.4 88.44 33.05 121.49 OK
r-release-linux-x86_64 1.0.4 97.52 32.96 130.48 OK
r-release-macos-arm64 1.0.4 47.00 NOTE
r-release-macos-x86_64 1.0.4 72.00 NOTE
r-release-windows-x86_64 1.0.4 93.00 84.00 177.00 OK
r-oldrel-macos-arm64 1.0.4 40.00 NOTE
r-oldrel-macos-x86_64 1.0.4 75.00 NOTE
r-oldrel-windows-ix86+x86_64 1.0.4 276.00 99.00 375.00 OK

Additional issues

clang15 clang15

Check Details

Version: 1.0.4
Check: whether package can be installed
Result: WARN
    Found the following significant warnings:
     CV_Split_WEN.cpp:8:14: warning: invalid UTF-8 in comment [-Winvalid-utf8]
     ./CV_WEN.hpp:8:14: warning: invalid UTF-8 in comment [-Winvalid-utf8]
     ./WEN.hpp:8:13: warning: invalid UTF-8 in comment [-Winvalid-utf8]
     ./CV_Split_WEN.hpp:8:14: warning: invalid UTF-8 in comment [-Winvalid-utf8]
     ./Split_WEN.hpp:8:13: warning: invalid UTF-8 in comment [-Winvalid-utf8]
     CV_Split_WEN_Main.cpp:8:14: warning: invalid UTF-8 in comment [-Winvalid-utf8]
     CV_WEN.cpp:8:14: warning: invalid UTF-8 in comment [-Winvalid-utf8]
     Split_WEN.cpp:8:14: warning: invalid UTF-8 in comment [-Winvalid-utf8]
     Split_WEN_Main.cpp:8:14: warning: invalid UTF-8 in comment [-Winvalid-utf8]
     WEN.cpp:8:14: warning: invalid UTF-8 in comment [-Winvalid-utf8]
Flavor: r-devel-linux-x86_64-fedora-clang

Version: 1.0.4
Check: installed package size
Result: NOTE
     installed size is 5.5Mb
     sub-directories of 1Mb or more:
     libs 5.4Mb
Flavors: r-release-macos-arm64, r-release-macos-x86_64, r-oldrel-macos-arm64, r-oldrel-macos-x86_64