CRAN Package Check Results for Package SpatialTools

Last updated on 2022-09-26 06:51:24 CEST.

Flavor Version Tinstall Tcheck Ttotal Status Flags
r-devel-linux-x86_64-debian-clang 1.0.4 88.27 81.76 170.03 OK
r-devel-linux-x86_64-debian-gcc 1.0.4 70.33 62.75 133.08 OK
r-devel-linux-x86_64-fedora-clang 1.0.4 242.67 OK
r-devel-linux-x86_64-fedora-gcc 1.0.4 240.70 OK
r-devel-windows-x86_64 1.0.4 96.00 137.00 233.00 OK
r-patched-linux-x86_64 1.0.4 76.38 78.14 154.52 OK
r-release-linux-x86_64 1.0.4 77.31 77.52 154.83 OK
r-release-macos-arm64 1.0.4 62.00 NOTE
r-release-macos-x86_64 1.0.4 78.00 OK
r-release-windows-x86_64 1.0.4 89.00 137.00 226.00 OK
r-oldrel-macos-arm64 1.0.4 72.00 NOTE
r-oldrel-macos-x86_64 1.0.4 112.00 NOTE
r-oldrel-windows-ix86+x86_64 1.0.4 219.00 150.00 369.00 OK

Check Details

Version: 1.0.4
Check: installed package size
Result: NOTE
     installed size is 5.5Mb
     sub-directories of 1Mb or more:
     libs 5.3Mb
Flavors: r-release-macos-arm64, r-oldrel-macos-arm64, r-oldrel-macos-x86_64