Last updated on 2022-08-12 12:56:21 CEST.
Flavor | Version | Tinstall | Tcheck | Ttotal | Status | Flags |
---|---|---|---|---|---|---|
r-devel-linux-x86_64-debian-clang | 1.6.2 | 51.72 | 93.68 | 145.40 | OK | |
r-devel-linux-x86_64-debian-gcc | 1.6.2 | 36.25 | 72.52 | 108.77 | OK | |
r-devel-linux-x86_64-fedora-clang | 1.6.2 | 196.92 | NOTE | |||
r-devel-linux-x86_64-fedora-gcc | 1.6.2 | 184.99 | NOTE | |||
r-devel-windows-x86_64 | 1.6.2 | 73.00 | 131.00 | 204.00 | NOTE | |
r-patched-linux-x86_64 | 1.6.2 | 38.39 | 91.04 | 129.43 | OK | |
r-release-linux-x86_64 | 1.6.2 | 39.34 | 92.35 | 131.69 | OK | |
r-release-macos-arm64 | 1.6.2 | 52.00 | NOTE | |||
r-release-macos-x86_64 | 1.6.2 | 93.00 | NOTE | |||
r-release-windows-x86_64 | 1.6.2 | 43.00 | 131.00 | 174.00 | NOTE | |
r-oldrel-macos-arm64 | 1.6.2 | 49.00 | NOTE | |||
r-oldrel-macos-x86_64 | 1.6.2 | 75.00 | NOTE | |||
r-oldrel-windows-ix86+x86_64 | 1.6.2 | 106.00 | 164.00 | 270.00 | NOTE |
Version: 1.6.2
Check: installed package size
Result: NOTE
installed size is 15.6Mb
sub-directories of 1Mb or more:
data 4.7Mb
libs 10.7Mb
Flavors: r-devel-linux-x86_64-fedora-clang, r-devel-windows-x86_64, r-release-macos-arm64, r-release-macos-x86_64, r-release-windows-x86_64, r-oldrel-macos-arm64, r-oldrel-macos-x86_64, r-oldrel-windows-ix86+x86_64
Version: 1.6.2
Check: dependencies in R code
Result: NOTE
Namespace in Imports field not imported from: ‘RcppEigen’
All declared Imports should be used.
Flavors: r-devel-linux-x86_64-fedora-clang, r-devel-linux-x86_64-fedora-gcc, r-release-macos-arm64, r-release-macos-x86_64, r-oldrel-macos-arm64, r-oldrel-macos-x86_64