CRAN Package Check Results for Package SmoothTensor

Last updated on 2022-08-16 12:53:13 CEST.

Flavor Version Tinstall Tcheck Ttotal Status Flags
r-devel-linux-x86_64-debian-clang 0.1.1 6.88 68.86 75.74 NOTE
r-devel-linux-x86_64-debian-gcc 0.1.1 7.02 52.40 59.42 NOTE
r-devel-linux-x86_64-fedora-clang 0.1.1 107.29 NOTE
r-devel-linux-x86_64-fedora-gcc 0.1.1 100.58 NOTE
r-devel-windows-x86_64 0.1.1 16.00 85.00 101.00 NOTE
r-patched-linux-x86_64 0.1.1 8.48 65.39 73.87 OK
r-release-linux-x86_64 0.1.1 8.20 65.78 73.98 OK
r-release-macos-arm64 0.1.1 30.00 NOTE
r-release-macos-x86_64 0.1.1 41.00 NOTE
r-release-windows-x86_64 0.1.1 22.00 86.00 108.00 OK
r-oldrel-macos-arm64 0.1.1 35.00 NOTE
r-oldrel-macos-x86_64 0.1.1 40.00 NOTE
r-oldrel-windows-ix86+x86_64 0.1.1 18.00 89.00 107.00 OK

Check Details

Version: 0.1.1
Check: package subdirectories
Result: NOTE
    Problems with news in 'NEWS.md':
    No news entries found.
Flavors: r-devel-linux-x86_64-debian-clang, r-devel-linux-x86_64-debian-gcc, r-devel-linux-x86_64-fedora-clang, r-devel-linux-x86_64-fedora-gcc, r-devel-windows-x86_64

Version: 0.1.1
Check: dependencies in R code
Result: NOTE
    Namespace in Imports field not imported from: ‘methods’
     All declared Imports should be used.
Flavors: r-devel-linux-x86_64-fedora-clang, r-devel-linux-x86_64-fedora-gcc, r-release-macos-arm64, r-release-macos-x86_64, r-oldrel-macos-arm64, r-oldrel-macos-x86_64