CRAN Package Check Results for Package SmarterPoland

Last updated on 2022-09-29 00:53:01 CEST.

Flavor Version Tinstall Tcheck Ttotal Status Flags
r-devel-linux-x86_64-debian-clang 1.8 66.00 74.32 140.32 OK
r-devel-linux-x86_64-debian-gcc 1.8 54.01 55.74 109.75 OK
r-devel-linux-x86_64-fedora-clang 1.8 196.61 NOTE
r-devel-linux-x86_64-fedora-gcc 1.8 193.28 NOTE
r-devel-windows-x86_64 1.8 68.00 99.00 167.00 OK
r-patched-linux-x86_64 1.8 57.49 69.18 126.67 OK
r-release-linux-x86_64 1.8 62.89 69.36 132.25 OK
r-release-macos-arm64 1.8 71.00 NOTE
r-release-macos-x86_64 1.8 111.00 NOTE
r-release-windows-x86_64 1.8 74.00 100.00 174.00 OK
r-oldrel-macos-arm64 1.8 87.00 NOTE
r-oldrel-macos-x86_64 1.8 103.00 NOTE
r-oldrel-windows-ix86+x86_64 1.8 94.00 99.00 193.00 OK

Check Details

Version: 1.8
Check: data for non-ASCII characters
Result: NOTE
     Note: found 1122 marked UTF-8 strings
Flavors: r-devel-linux-x86_64-fedora-clang, r-devel-linux-x86_64-fedora-gcc, r-release-macos-arm64, r-release-macos-x86_64, r-oldrel-macos-arm64, r-oldrel-macos-x86_64

Version: 1.8
Check: installed package size
Result: NOTE
     installed size is 5.2Mb
     sub-directories of 1Mb or more:
     data 5.0Mb
Flavors: r-release-macos-arm64, r-oldrel-macos-arm64