CRAN Package Check Results for Package SmartSVA

Last updated on 2022-10-02 12:56:06 CEST.

Flavor Version Tinstall Tcheck Ttotal Status Flags
r-devel-linux-x86_64-debian-clang 0.1.3 54.43 284.83 339.26 NOTE
r-devel-linux-x86_64-debian-gcc 0.1.3 46.60 209.95 256.55 NOTE
r-devel-linux-x86_64-fedora-clang 0.1.3 463.43 NOTE
r-devel-linux-x86_64-fedora-gcc 0.1.3 435.10 NOTE
r-devel-windows-x86_64 0.1.3 46.00 299.00 345.00 NOTE
r-patched-linux-x86_64 0.1.3 42.71 270.39 313.10 NOTE
r-release-linux-x86_64 0.1.3 35.82 271.01 306.83 NOTE
r-release-macos-arm64 0.1.3 104.00 NOTE
r-release-macos-x86_64 0.1.3 142.00 NOTE
r-release-windows-x86_64 0.1.3 48.00 291.00 339.00 NOTE
r-oldrel-macos-arm64 0.1.3 138.00 NOTE
r-oldrel-macos-x86_64 0.1.3 162.00 NOTE
r-oldrel-windows-ix86+x86_64 0.1.3 97.00 17.00 114.00 ERROR

Check Details

Version: 0.1.3
Check: LazyData
Result: NOTE
     'LazyData' is specified without a 'data' directory
Flavors: r-devel-linux-x86_64-debian-clang, r-devel-linux-x86_64-debian-gcc, r-devel-linux-x86_64-fedora-clang, r-devel-linux-x86_64-fedora-gcc, r-devel-windows-x86_64, r-patched-linux-x86_64, r-release-linux-x86_64, r-release-macos-arm64, r-release-macos-x86_64, r-release-windows-x86_64, r-oldrel-macos-arm64, r-oldrel-macos-x86_64

Version: 0.1.3
Check: whether package can be installed
Result: ERROR
    Installation failed.
Flavor: r-oldrel-windows-ix86+x86_64