CRAN Package Check Results for Package Sleuth3

Last updated on 2022-06-30 06:49:36 CEST.

Flavor Version Tinstall Tcheck Ttotal Status Flags
r-devel-linux-x86_64-debian-clang 1.0-3 4.57 233.90 238.47 OK
r-devel-linux-x86_64-debian-gcc 1.0-3 4.05 170.31 174.36 OK
r-devel-linux-x86_64-fedora-clang 1.0-3 296.35 NOTE
r-devel-linux-x86_64-fedora-gcc 1.0-3 323.46 OK
r-devel-windows-x86_64 1.0-3 169.00 495.00 664.00 NOTE
r-patched-linux-x86_64 1.0-3 8.15 215.31 223.46 OK
r-release-linux-x86_64 1.0-3 6.23 216.78 223.01 OK
r-release-macos-arm64 1.0-3 97.00 NOTE
r-release-macos-x86_64 1.0-3 130.00 NOTE
r-release-windows-x86_64 1.0-3 137.00 488.00 625.00 NOTE
r-oldrel-macos-arm64 1.0-3 142.00 NOTE
r-oldrel-macos-x86_64 1.0-3 255.00 NOTE
r-oldrel-windows-ix86+x86_64 1.0-3 12.00 501.00 513.00 NOTE

Check Details

Version: 1.0-3
Check: installed package size
Result: NOTE
     installed size is 5.1Mb
     sub-directories of 1Mb or more:
     doc 3.7Mb
Flavors: r-devel-linux-x86_64-fedora-clang, r-devel-windows-x86_64, r-release-macos-arm64, r-release-macos-x86_64, r-release-windows-x86_64, r-oldrel-macos-arm64, r-oldrel-macos-x86_64, r-oldrel-windows-ix86+x86_64