CRAN Package Check Results for Package SimilaR

Last updated on 2022-10-06 21:50:06 CEST.

Flavor Version Tinstall Tcheck Ttotal Status Flags
r-devel-linux-x86_64-debian-clang 1.0.8 99.76 36.89 136.65 OK
r-devel-linux-x86_64-debian-gcc 1.0.8 80.77 28.51 109.28 OK
r-devel-linux-x86_64-fedora-clang 1.0.8 226.14 OK
r-devel-linux-x86_64-fedora-gcc 1.0.8 203.89 OK
r-devel-windows-x86_64 1.0.8 118.00 84.00 202.00 OK
r-patched-linux-x86_64 1.0.8 91.03 36.07 127.10 OK
r-release-linux-x86_64 1.0.8 89.28 35.33 124.61 OK
r-release-macos-arm64 1.0.8 49.00 NOTE
r-release-macos-x86_64 1.0.8 66.00 NOTE
r-release-windows-x86_64 1.0.8 288.00 83.00 371.00 OK
r-oldrel-macos-arm64 1.0.8 59.00 NOTE
r-oldrel-macos-x86_64 1.0.8 103.00 NOTE
r-oldrel-windows-ix86+x86_64 1.0.8 255.00 92.00 347.00 OK

Check Details

Version: 1.0.8
Check: installed package size
Result: NOTE
     installed size is 5.5Mb
     sub-directories of 1Mb or more:
     libs 5.3Mb
Flavors: r-release-macos-arm64, r-release-macos-x86_64, r-oldrel-macos-arm64, r-oldrel-macos-x86_64