CRAN Package Check Results for Package SimCorrMix

Last updated on 2022-08-13 07:11:46 CEST.

Flavor Version Tinstall Tcheck Ttotal Status Flags
r-devel-linux-x86_64-debian-clang 0.1.1 21.03 242.77 263.80 NOTE
r-devel-linux-x86_64-debian-gcc 0.1.1 14.72 174.86 189.58 NOTE
r-devel-linux-x86_64-fedora-clang 0.1.1 318.60 NOTE
r-devel-linux-x86_64-fedora-gcc 0.1.1 323.68 NOTE
r-devel-windows-x86_64 0.1.1 69.00 256.00 325.00 NOTE
r-patched-linux-x86_64 0.1.1 18.60 223.27 241.87 NOTE
r-release-linux-x86_64 0.1.1 13.53 220.59 234.12 NOTE
r-release-macos-arm64 0.1.1 81.00 NOTE
r-release-macos-x86_64 0.1.1 151.00 NOTE
r-release-windows-x86_64 0.1.1 46.00 268.00 314.00 NOTE
r-oldrel-macos-arm64 0.1.1 116.00 NOTE
r-oldrel-macos-x86_64 0.1.1 172.00 NOTE
r-oldrel-windows-ix86+x86_64 0.1.1 39.00 330.00 369.00 NOTE

Check Details

Version: 0.1.1
Check: LazyData
Result: NOTE
     'LazyData' is specified without a 'data' directory
Flavors: r-devel-linux-x86_64-debian-clang, r-devel-linux-x86_64-debian-gcc, r-devel-linux-x86_64-fedora-clang, r-devel-linux-x86_64-fedora-gcc, r-devel-windows-x86_64, r-patched-linux-x86_64, r-release-linux-x86_64, r-release-macos-arm64, r-release-macos-x86_64, r-release-windows-x86_64, r-oldrel-macos-arm64, r-oldrel-macos-x86_64, r-oldrel-windows-ix86+x86_64

Version: 0.1.1
Check: dependencies in R code
Result: NOTE
    Namespaces in Imports field not imported from:
     ‘MASS’ ‘grid’
     All declared Imports should be used.
Flavors: r-devel-linux-x86_64-fedora-clang, r-devel-linux-x86_64-fedora-gcc, r-release-macos-arm64, r-release-macos-x86_64, r-oldrel-macos-arm64, r-oldrel-macos-x86_64

Version: 0.1.1
Check: Rd cross-references
Result: NOTE
    Undeclared packages ‘GenOrd’, ‘PoisNor’ in Rd xrefs
Flavor: r-devel-linux-x86_64-fedora-clang