CRAN Package Check Results for Package Sim.DiffProc

Last updated on 2020-10-28 01:49:45 CET.

Flavor Version Tinstall Tcheck Ttotal Status Flags
r-devel-linux-x86_64-debian-clang 4.7 26.63 272.02 298.65 OK
r-devel-linux-x86_64-debian-gcc 4.7 21.46 201.83 223.29 OK
r-devel-linux-x86_64-fedora-clang 4.7 384.59 OK
r-devel-linux-x86_64-fedora-gcc 4.7 387.99 OK
r-devel-windows-ix86+x86_64 4.7 45.00 457.00 502.00 OK
r-patched-linux-x86_64 4.7 OK
r-patched-solaris-x86 4.7 562.50 OK
r-release-linux-x86_64 4.7 23.99 258.31 282.30 OK
r-release-macos-x86_64 4.7 OK
r-release-windows-ix86+x86_64 4.7 37.00 337.00 374.00 OK
r-oldrel-macos-x86_64 4.7 NOTE
r-oldrel-windows-ix86+x86_64 4.7 43.00 433.00 476.00 OK

Check Details

Version: 4.7
Check: dependencies in R code
Result: NOTE
    No protocol specified
    No protocol specified
Flavor: r-oldrel-macos-x86_64