CRAN Package Check Results for Package ShiftConvolvePoibin

Last updated on 2022-09-30 12:55:21 CEST.

Flavor Version Tinstall Tcheck Ttotal Status Flags
r-devel-linux-x86_64-debian-clang 1.0.0 5.14 23.54 28.68 NOTE
r-devel-linux-x86_64-debian-gcc 1.0.0 5.07 18.32 23.39 NOTE
r-devel-linux-x86_64-fedora-clang 1.0.0 50.47 NOTE
r-devel-linux-x86_64-fedora-gcc 1.0.0 48.51 NOTE
r-devel-windows-x86_64 1.0.0 34.00 48.00 82.00 NOTE
r-patched-linux-x86_64 1.0.0 4.83 22.62 27.45 NOTE
r-release-linux-x86_64 1.0.0 5.52 22.22 27.74 NOTE
r-release-macos-arm64 1.0.0 16.00 NOTE
r-release-macos-x86_64 1.0.0 21.00 NOTE
r-release-windows-x86_64 1.0.0 12.00 44.00 56.00 NOTE
r-oldrel-macos-arm64 1.0.0 23.00 NOTE
r-oldrel-macos-x86_64 1.0.0 27.00 NOTE
r-oldrel-windows-ix86+x86_64 1.0.0 27.00 43.00 70.00 NOTE

Check Details

Version: 1.0.0
Check: LazyData
Result: NOTE
     'LazyData' is specified without a 'data' directory
Flavors: r-devel-linux-x86_64-debian-clang, r-devel-linux-x86_64-debian-gcc, r-devel-linux-x86_64-fedora-clang, r-devel-linux-x86_64-fedora-gcc, r-devel-windows-x86_64, r-patched-linux-x86_64, r-release-linux-x86_64, r-release-macos-arm64, r-release-macos-x86_64, r-release-windows-x86_64, r-oldrel-macos-arm64, r-oldrel-macos-x86_64, r-oldrel-windows-ix86+x86_64