Last updated on 2023-12-02 00:52:10 CET.
Flavor | Version | Tinstall | Tcheck | Ttotal | Status | Flags |
---|---|---|---|---|---|---|
r-devel-linux-x86_64-debian-clang | 3.4 | 71.92 | 150.37 | 222.29 | OK | |
r-devel-linux-x86_64-debian-gcc | 3.4 | 69.96 | 109.23 | 179.19 | OK | |
r-devel-linux-x86_64-fedora-clang | 3.4 | 270.34 | OK | |||
r-devel-linux-x86_64-fedora-gcc | 3.4 | 311.27 | OK | |||
r-devel-windows-x86_64 | 3.4 | 75.00 | 149.00 | 224.00 | OK | |
r-patched-linux-x86_64 | 3.4 | 77.68 | 143.27 | 220.95 | OK | |
r-release-linux-x86_64 | 3.4 | 78.43 | 144.56 | 222.99 | OK | |
r-release-macos-arm64 | 3.4 | 84.00 | WARN | |||
r-release-macos-x86_64 | 3.4 | 148.00 | NOTE | |||
r-release-windows-x86_64 | 3.4 | 94.00 | 173.00 | 267.00 | OK | |
r-oldrel-macos-arm64 | 3.4 | 62.00 | NOTE | |||
r-oldrel-macos-x86_64 | 3.4 | 91.00 | NOTE | |||
r-oldrel-windows-x86_64 | 3.4 | 88.00 | 161.00 | 249.00 | OK |
Version: 3.4
Check: installed package size
Result: NOTE
installed size is 6.9Mb
sub-directories of 1Mb or more:
libs 5.9Mb
Flavors: r-release-macos-arm64, r-release-macos-x86_64, r-oldrel-macos-arm64, r-oldrel-macos-x86_64
Version: 3.4
Check: re-building of vignette outputs
Result: WARN
Error(s) in re-building vignettes:
...
--- re-building ‘SemiCompRisks.ltx’ using tex
Error: processing vignette 'SemiCompRisks.ltx' failed with diagnostics:
Running 'texi2dvi' on 'SemiCompRisks.ltx' failed.
LaTeX errors:
!pdfTeX error: pdflatex (file bbm8): Font bbm8 at 600 not found
==> Fatal error occurred, no output PDF file produced!
--- failed re-building ‘SemiCompRisks.ltx’
SUMMARY: processing the following file failed:
‘SemiCompRisks.ltx’
Error: Vignette re-building failed.
Execution halted
Flavor: r-release-macos-arm64