CRAN Package Check Results for Package SemNeT

Last updated on 2024-04-24 07:15:17 CEST.

Flavor Version Tinstall Tcheck Ttotal Status Flags
r-devel-linux-x86_64-debian-clang 1.4.4 14.50 106.57 121.07 NOTE
r-devel-linux-x86_64-debian-gcc 1.4.4 10.38 75.03 85.41 NOTE
r-devel-linux-x86_64-fedora-clang 1.4.4 150.82 NOTE
r-devel-linux-x86_64-fedora-gcc 1.4.4 147.01 NOTE
r-prerel-macos-arm64 1.4.4 41.00 NOTE
r-prerel-windows-x86_64 1.4.4 14.00 99.00 113.00 NOTE
r-patched-linux-x86_64 1.4.4 19.83 96.68 116.51 NOTE
r-release-linux-x86_64 1.4.4 11.58 100.18 111.76 OK
r-release-macos-arm64 1.4.4 41.00 OK
r-release-macos-x86_64 1.4.4 98.00 OK
r-release-windows-x86_64 1.4.4 16.00 121.00 137.00 OK
r-oldrel-macos-arm64 1.4.4 47.00 OK
r-oldrel-windows-x86_64 1.4.4 16.00 119.00 135.00 OK

Check Details

Version: 1.4.4
Check: Rd files
Result: NOTE checkRd: (-1) NRW.Rd:20: Lost braces in \itemize; meant \describe ? checkRd: (-1) NRW.Rd:23: Lost braces in \itemize; meant \describe ? checkRd: (-1) bootSemNeT.Rd:31: Lost braces in \itemize; meant \describe ? checkRd: (-1) bootSemNeT.Rd:34: Lost braces in \itemize; meant \describe ? checkRd: (-1) bootSemNeT.Rd:37: Lost braces in \itemize; meant \describe ? checkRd: (-1) bootSemNeT.Rd:40: Lost braces in \itemize; meant \describe ? checkRd: (-1) bootSemNeT.Rd:53-54: Lost braces in \itemize; meant \describe ? checkRd: (-1) bootSemNeT.Rd:57-58: Lost braces in \itemize; meant \describe ? checkRd: (-1) compare_nets.Rd:62: Lost braces in \itemize; meant \describe ? checkRd: (-1) compare_nets.Rd:64: Lost braces in \itemize; meant \describe ? checkRd: (-1) compare_nets.Rd:66: Lost braces in \itemize; meant \describe ? checkRd: (-1) compare_nets.Rd:32: Lost braces in \itemize; meant \describe ? checkRd: (-1) compare_nets.Rd:35: Lost braces in \itemize; meant \describe ? checkRd: (-1) plot.compareShiny.Rd:27: Lost braces in \itemize; meant \describe ? checkRd: (-1) plot.compareShiny.Rd:29: Lost braces in \itemize; meant \describe ? checkRd: (-1) plot.compareShiny.Rd:31: Lost braces in \itemize; meant \describe ? checkRd: (-1) test.bootSemNeT.Rd:24: Lost braces in \itemize; meant \describe ? checkRd: (-1) test.bootSemNeT.Rd:27-28: Lost braces in \itemize; meant \describe ? checkRd: (-1) test.bootSemNeT.Rd:31-33: Lost braces in \itemize; meant \describe ? checkRd: (-1) test.bootSemNeT.Rd:41: Lost braces in \itemize; meant \describe ? checkRd: (-1) test.bootSemNeT.Rd:44: Lost braces in \itemize; meant \describe ? checkRd: (-1) test.bootSemNeT.Rd:47: Lost braces in \itemize; meant \describe ? Flavors: r-devel-linux-x86_64-debian-clang, r-devel-linux-x86_64-debian-gcc, r-devel-linux-x86_64-fedora-clang, r-devel-linux-x86_64-fedora-gcc, r-prerel-macos-arm64, r-prerel-windows-x86_64, r-patched-linux-x86_64