CRAN Package Check Results for Package SelvarMix

Last updated on 2022-09-28 00:52:54 CEST.

Flavor Version Tinstall Tcheck Ttotal Status Flags
r-devel-linux-x86_64-debian-clang 1.2.1 151.16 38.37 189.53 OK
r-devel-linux-x86_64-debian-gcc 1.2.1 122.52 30.28 152.80 OK
r-devel-linux-x86_64-fedora-clang 1.2.1 303.47 WARN
r-devel-linux-x86_64-fedora-gcc 1.2.1 275.23 OK
r-devel-windows-x86_64 1.2.1 125.00 85.00 210.00 OK
r-patched-linux-x86_64 1.2.1 136.99 37.54 174.53 OK
r-release-linux-x86_64 1.2.1 131.35 36.96 168.31 OK
r-release-macos-arm64 1.2.1 60.00 NOTE
r-release-macos-x86_64 1.2.1 78.00 NOTE
r-release-windows-x86_64 1.2.1 123.00 90.00 213.00 OK
r-oldrel-macos-arm64 1.2.1 66.00 NOTE
r-oldrel-macos-x86_64 1.2.1 116.00 NOTE
r-oldrel-windows-ix86+x86_64 1.2.1 380.00 89.00 469.00 OK

Additional issues

clang15 clang15

Check Details

Version: 1.2.1
Check: whether package can be installed
Result: WARN
    Found the following significant warnings:
     ../inst/include/selectRegGen.hpp:4:47: warning: invalid UTF-8 in comment [-Winvalid-utf8]
Flavor: r-devel-linux-x86_64-fedora-clang

Version: 1.2.1
Check: installed package size
Result: NOTE
     installed size is 6.0Mb
     sub-directories of 1Mb or more:
     libs 5.8Mb
Flavors: r-release-macos-arm64, r-release-macos-x86_64, r-oldrel-macos-arm64, r-oldrel-macos-x86_64