CRAN Package Check Results for Package Select

Last updated on 2024-06-13 06:58:18 CEST.

Flavor Version Tinstall Tcheck Ttotal Status Flags
r-devel-linux-x86_64-debian-clang 1.4 2.49 37.33 39.82 OK
r-devel-linux-x86_64-debian-gcc 1.4 1.40 27.42 28.82 ERROR
r-devel-linux-x86_64-fedora-clang 1.4 51.41 NOTE
r-devel-linux-x86_64-fedora-gcc 1.4 61.81 NOTE
r-devel-windows-x86_64 1.4 3.00 50.00 53.00 OK
r-patched-linux-x86_64 1.4 2.71 37.48 40.19 OK
r-release-linux-x86_64 1.4 2.27 37.02 39.29 OK
r-release-macos-arm64 1.4 26.00 OK
r-release-macos-x86_64 1.4 37.00 OK
r-release-windows-x86_64 1.4 3.00 51.00 54.00 OK
r-oldrel-macos-arm64 1.4 29.00 OK
r-oldrel-macos-x86_64 1.4 34.00 OK
r-oldrel-windows-x86_64 1.4 4.00 52.00 56.00 OK

Check Details

Version: 1.4
Check: package dependencies
Result: NOTE Package suggested but not available for checking: ‘testthat’ Flavor: r-devel-linux-x86_64-debian-gcc

Version: 1.4
Check: tests
Result: ERROR Running ‘testthat.R’ [0s/1s] Running the tests in ‘tests/testthat.R’ failed. Complete output: > library(testthat) Error in library(testthat) : there is no package called 'testthat' Execution halted Flavor: r-devel-linux-x86_64-debian-gcc

Version: 1.4
Check: dependencies in R code
Result: NOTE Namespace in Imports field not imported from: ‘FD’ All declared Imports should be used. Flavors: r-devel-linux-x86_64-fedora-clang, r-devel-linux-x86_64-fedora-gcc