CRAN Package Check Results for Package SanFranBeachWater

Last updated on 2023-02-03 00:51:14 CET.

Flavor Version Tinstall Tcheck Ttotal Status Flags
r-devel-linux-x86_64-debian-clang 0.1.0 7.11 53.35 60.46 NOTE
r-devel-linux-x86_64-debian-gcc 0.1.0 5.07 39.27 44.34 NOTE
r-devel-linux-x86_64-fedora-clang 0.1.0 76.20 NOTE
r-devel-linux-x86_64-fedora-gcc 0.1.0 74.29 NOTE
r-devel-windows-x86_64 0.1.0 43.00 89.00 132.00 NOTE
r-patched-linux-x86_64 0.1.0 4.23 49.84 54.07 NOTE
r-release-linux-x86_64 0.1.0 4.94 49.37 54.31 NOTE
r-release-macos-arm64 0.1.0 27.00 NOTE
r-release-macos-x86_64 0.1.0 42.00 NOTE
r-release-windows-x86_64 0.1.0 70.00 94.00 164.00 NOTE
r-oldrel-macos-arm64 0.1.0 31.00 NOTE
r-oldrel-macos-x86_64 0.1.0 40.00 NOTE
r-oldrel-windows-ix86+x86_64 0.1.0 15.00 79.00 94.00 WARN

Check Details

Version: 0.1.0
Check: LazyData
Result: NOTE
     'LazyData' is specified without a 'data' directory
Flavors: r-devel-linux-x86_64-debian-clang, r-devel-linux-x86_64-debian-gcc, r-devel-linux-x86_64-fedora-clang, r-devel-linux-x86_64-fedora-gcc, r-devel-windows-x86_64, r-patched-linux-x86_64, r-release-linux-x86_64, r-release-macos-arm64, r-release-macos-x86_64, r-release-windows-x86_64, r-oldrel-macos-arm64, r-oldrel-macos-x86_64, r-oldrel-windows-ix86+x86_64

Version: 0.1.0
Check: dependencies in R code
Result: NOTE
    Namespace in Imports field not imported from: ‘tibble’
     All declared Imports should be used.
Flavors: r-devel-linux-x86_64-fedora-clang, r-devel-linux-x86_64-fedora-gcc, r-release-macos-arm64, r-release-macos-x86_64, r-oldrel-macos-arm64, r-oldrel-macos-x86_64

Version: 0.1.0
Check: whether the package can be unloaded cleanly
Result: WARN
    ---- unloading
Flavor: r-oldrel-windows-ix86+x86_64