CRAN Package Check Results for Package SWMPrExtension

Last updated on 2022-08-10 12:56:30 CEST.

Flavor Version Tinstall Tcheck Ttotal Status Flags
r-devel-linux-x86_64-debian-clang 2.2.3 25.97 199.92 225.89 OK
r-devel-linux-x86_64-debian-gcc 2.2.3 22.22 150.54 172.76 OK
r-devel-linux-x86_64-fedora-clang 2.2.3 291.16 NOTE
r-devel-linux-x86_64-fedora-gcc 2.2.3 281.10 OK
r-devel-windows-x86_64 2.2.3 152.00 275.00 427.00 OK
r-patched-linux-x86_64 2.2.3 27.70 186.64 214.34 OK
r-release-linux-x86_64 2.2.3 OK
r-release-macos-arm64 2.2.3 83.00 OK
r-release-macos-x86_64 2.2.3 108.00 OK
r-release-windows-x86_64 2.2.3 153.00 267.00 420.00 OK
r-oldrel-macos-arm64 2.2.3 75.00 OK
r-oldrel-macos-x86_64 2.2.3 106.00 OK
r-oldrel-windows-ix86+x86_64 2.2.3 68.00 299.00 367.00 OK

Check Details

Version: 2.2.3
Check: Rd cross-references
Result: NOTE
    Undeclared package ‘sp’ in Rd xrefs
Flavor: r-devel-linux-x86_64-fedora-clang