Last updated on 2023-02-03 00:51:17 CET.
Flavor | Version | Tinstall | Tcheck | Ttotal | Status | Flags |
---|---|---|---|---|---|---|
r-devel-linux-x86_64-debian-clang | 0.2.9.1 | 11.17 | 327.07 | 338.24 | NOTE | |
r-devel-linux-x86_64-debian-gcc | 0.2.9.1 | 6.50 | 246.82 | 253.32 | NOTE | |
r-devel-linux-x86_64-fedora-clang | 0.2.9.1 | 436.97 | NOTE | |||
r-devel-linux-x86_64-fedora-gcc | 0.2.9.1 | 448.50 | NOTE | |||
r-devel-windows-x86_64 | 0.2.9.1 | 25.00 | 350.00 | 375.00 | NOTE | |
r-patched-linux-x86_64 | 0.2.9.1 | 10.46 | 304.77 | 315.23 | OK | |
r-release-linux-x86_64 | 0.2.9.1 | 10.37 | 292.80 | 303.17 | OK | |
r-release-macos-arm64 | 0.2.9.1 | 223.00 | OK | |||
r-release-macos-x86_64 | 0.2.9.1 | 185.00 | OK | |||
r-release-windows-x86_64 | 0.2.9.1 | 26.00 | 347.00 | 373.00 | OK | |
r-oldrel-macos-arm64 | 0.2.9.1 | 187.00 | OK | |||
r-oldrel-macos-x86_64 | 0.2.9.1 | 197.00 | OK | |||
r-oldrel-windows-ix86+x86_64 | 0.2.9.1 | 21.00 | 328.00 | 349.00 | OK |
Version: 0.2.9.1
Check: Rd files
Result: NOTE
checkRd: (-1) diabetes.Rd:18: Escaped LaTeX specials: \^
Flavors: r-devel-linux-x86_64-debian-clang, r-devel-linux-x86_64-debian-gcc, r-devel-linux-x86_64-fedora-clang, r-devel-linux-x86_64-fedora-gcc, r-devel-windows-x86_64