CRAN Package Check Results for Package SUNGEO

Last updated on 2021-04-09 19:49:43 CEST.

Flavor Version Tinstall Tcheck Ttotal Status Flags
r-devel-linux-x86_64-debian-clang 0.2.22 21.75 187.22 208.97 OK
r-devel-linux-x86_64-debian-gcc 0.2.22 18.42 139.66 158.08 OK
r-devel-linux-x86_64-fedora-clang 0.2.22 271.46 OK
r-devel-linux-x86_64-fedora-gcc 0.2.22 246.53 OK
r-devel-windows-ix86+x86_64 0.2.1 31.00 145.00 176.00 OK
r-devel-windows-x86_64-gcc10-UCRT 0.2.1 NOTE
r-patched-linux-x86_64 0.2.1 17.78 154.47 172.25 OK
r-patched-solaris-x86 0.2.22 320.80 OK
r-release-linux-x86_64 0.2.1 OK
r-release-macos-x86_64 0.2.1 NOTE
r-release-windows-ix86+x86_64 0.2.1 49.00 197.00 246.00 OK
r-oldrel-macos-x86_64 0.2.1 NOTE
r-oldrel-windows-ix86+x86_64 0.2.1 42.00 132.00 174.00 OK

Check Details

Version: 0.2.1
Check: data for non-ASCII characters
Result: NOTE
     Note: found 6 marked UTF-8 strings
Flavors: r-devel-windows-x86_64-gcc10-UCRT, r-release-macos-x86_64, r-oldrel-macos-x86_64