CRAN Package Check Results for Package STraTUS

Last updated on 2020-10-28 19:47:59 CET.

Flavor Version Tinstall Tcheck Ttotal Status Flags
r-devel-linux-x86_64-debian-clang 1.1.2 15.36 119.69 135.05 OK
r-devel-linux-x86_64-debian-gcc 1.1.2 11.60 89.49 101.09 OK
r-devel-linux-x86_64-fedora-clang 1.1.2 165.70 OK
r-devel-linux-x86_64-fedora-gcc 1.1.2 155.69 OK
r-devel-windows-ix86+x86_64 1.1.2 30.00 137.00 167.00 OK
r-patched-linux-x86_64 1.1.2 OK
r-patched-solaris-x86 1.1.2 217.90 OK
r-release-linux-x86_64 1.1.2 12.20 109.25 121.45 OK
r-release-macos-x86_64 1.1.2 ERROR
r-release-windows-ix86+x86_64 1.1.2 23.00 100.00 123.00 OK
r-oldrel-macos-x86_64 1.1.2 ERROR
r-oldrel-windows-ix86+x86_64 1.1.2 26.00 130.00 156.00 OK

Check Details

Version: 1.1.2
Check: package dependencies
Result: ERROR
    Package required but not available: ‘ggtree’
    
    See section ‘The DESCRIPTION file’ in the ‘Writing R Extensions’
    manual.
Flavor: r-release-macos-x86_64

Version: 1.1.2
Check: package dependencies
Result: ERROR
    Package required and available but unsuitable version: ‘ggtree’
    
    See section ‘The DESCRIPTION file’ in the ‘Writing R Extensions’
    manual.
Flavor: r-oldrel-macos-x86_64