CRAN Package Check Results for Package SRTsim

Last updated on 2022-09-30 00:49:28 CEST.

Flavor Version Tinstall Tcheck Ttotal Status Flags
r-devel-linux-x86_64-debian-clang 0.99.2 27.70 305.13 332.83 OK
r-devel-linux-x86_64-debian-gcc 0.99.2 22.71 223.34 246.05 OK
r-devel-linux-x86_64-fedora-clang 0.99.2 435.44 OK
r-devel-linux-x86_64-fedora-gcc 0.99.2 406.22 OK
r-devel-windows-x86_64 0.99.2 35.00 317.00 352.00 OK
r-patched-linux-x86_64 0.99.2 27.37 290.66 318.03 OK
r-release-linux-x86_64 0.99.2 22.56 288.51 311.07 OK
r-release-macos-arm64 0.99.2 73.00 OK
r-release-macos-x86_64 0.99.2 141.00 OK
r-release-windows-x86_64 0.99.2 36.00 281.00 317.00 OK
r-oldrel-macos-arm64 0.99.2 66.00 OK
r-oldrel-macos-x86_64 0.99.2 142.00 OK
r-oldrel-windows-ix86+x86_64 0.99.2 57.00 292.00 349.00 WARN

Check Details

Version: 0.99.2
Check: re-building of vignette outputs
Result: WARN
    Error(s) in re-building vignettes:
    --- re-building 'SRTsim.Rmd' using rmarkdown
    Quitting from lines 26-47 (SRTsim.Rmd)
    Error: processing vignette 'SRTsim.Rmd' failed with diagnostics:
    there is no package called 'BiocFileCache'
    --- failed re-building 'SRTsim.Rmd'
    
    SUMMARY: processing the following file failed:
     'SRTsim.Rmd'
    
    Error: Vignette re-building failed.
    Execution halted
Flavor: r-oldrel-windows-ix86+x86_64