Last updated on 2022-08-11 06:51:58 CEST.
Flavor | Version | Tinstall | Tcheck | Ttotal | Status | Flags |
---|---|---|---|---|---|---|
r-devel-linux-x86_64-debian-clang | 1.4 | 17.86 | 146.91 | 164.77 | OK | |
r-devel-linux-x86_64-debian-gcc | 1.4 | 13.78 | 107.23 | 121.01 | OK | |
r-devel-linux-x86_64-fedora-clang | 1.4 | 212.07 | NOTE | |||
r-devel-linux-x86_64-fedora-gcc | 1.4 | 208.06 | NOTE | |||
r-devel-windows-x86_64 | 1.4 | 36.00 | 165.00 | 201.00 | OK | |
r-patched-linux-x86_64 | 1.4 | 20.69 | 136.64 | 157.33 | OK | |
r-release-linux-x86_64 | 1.4 | OK | ||||
r-release-macos-arm64 | 1.4 | 57.00 | NOTE | |||
r-release-macos-x86_64 | 1.4 | 91.00 | NOTE | |||
r-release-windows-x86_64 | 1.4 | 49.00 | 168.00 | 217.00 | OK | |
r-oldrel-macos-arm64 | 1.4 | 56.00 | NOTE | |||
r-oldrel-macos-x86_64 | 1.4 | 68.00 | NOTE | |||
r-oldrel-windows-ix86+x86_64 | 1.4 | 39.00 | 166.00 | 205.00 | OK |
Version: 1.4
Check: dependencies in R code
Result: NOTE
Namespaces in Imports field not imported from:
‘spatstat’ ‘spatstat.data’ ‘spatstat.linnet’ ‘spatstat.sparse’
‘spatstat.utils’ ‘testthat’
All declared Imports should be used.
Flavors: r-devel-linux-x86_64-fedora-clang, r-devel-linux-x86_64-fedora-gcc, r-release-macos-arm64, r-release-macos-x86_64, r-oldrel-macos-arm64, r-oldrel-macos-x86_64