CRAN Package Check Results for Package SPCDAnalyze

Last updated on 2023-02-08 18:51:33 CET.

Flavor Version Tinstall Tcheck Ttotal Status Flags
r-devel-linux-x86_64-debian-clang 0.1.0 8.00 86.47 94.47 NOTE
r-devel-linux-x86_64-debian-gcc 0.1.0 7.35 64.20 71.55 NOTE
r-devel-linux-x86_64-fedora-clang 0.1.0 117.72 NOTE
r-devel-linux-x86_64-fedora-gcc 0.1.0 116.79 NOTE
r-devel-windows-x86_64 0.1.0 22.00 110.00 132.00 NOTE
r-patched-linux-x86_64 0.1.0 9.32 80.24 89.56 NOTE
r-release-linux-x86_64 0.1.0 9.29 83.34 92.63 NOTE
r-release-macos-arm64 0.1.0 34.00 NOTE
r-release-macos-x86_64 0.1.0 58.00 NOTE
r-release-windows-x86_64 0.1.0 16.00 118.00 134.00 NOTE
r-oldrel-macos-arm64 0.1.0 41.00 NOTE
r-oldrel-macos-x86_64 0.1.0 57.00 NOTE
r-oldrel-windows-ix86+x86_64 0.1.0 21.00 117.00 138.00 NOTE

Check Details

Version: 0.1.0
Check: LazyData
Result: NOTE
     'LazyData' is specified without a 'data' directory
Flavors: r-devel-linux-x86_64-debian-clang, r-devel-linux-x86_64-debian-gcc, r-devel-linux-x86_64-fedora-clang, r-devel-linux-x86_64-fedora-gcc, r-devel-windows-x86_64, r-patched-linux-x86_64, r-release-linux-x86_64, r-release-macos-arm64, r-release-macos-x86_64, r-release-windows-x86_64, r-oldrel-macos-arm64, r-oldrel-macos-x86_64, r-oldrel-windows-ix86+x86_64