CRAN Package Check Results for Package SNPknock

Last updated on 2022-10-06 12:55:39 CEST.

Flavor Version Tinstall Tcheck Ttotal Status Flags
r-devel-linux-x86_64-debian-clang 0.8.2 65.21 221.60 286.81 OK
r-devel-linux-x86_64-debian-gcc 0.8.2 62.46 154.23 216.69 OK
r-devel-linux-x86_64-fedora-clang 0.8.2 401.19 OK
r-devel-linux-x86_64-fedora-gcc 0.8.2 364.76 OK
r-devel-windows-x86_64 0.8.2 89.00 268.00 357.00 OK
r-patched-linux-x86_64 0.8.2 64.68 205.11 269.79 OK
r-release-linux-x86_64 0.8.2 64.33 210.18 274.51 OK
r-release-macos-arm64 0.8.2 99.00 NOTE
r-release-macos-x86_64 0.8.2 121.00 NOTE
r-release-windows-x86_64 0.8.2 83.00 259.00 342.00 OK
r-oldrel-macos-arm64 0.8.2 112.00 NOTE
r-oldrel-macos-x86_64 0.8.2 181.00 NOTE
r-oldrel-windows-ix86+x86_64 0.8.2 193.00 460.00 653.00 NOTE

Check Details

Version: 0.8.2
Check: installed package size
Result: NOTE
     installed size is 6.3Mb
     sub-directories of 1Mb or more:
     extdata 3.1Mb
     libs 2.9Mb
Flavors: r-release-macos-arm64, r-release-macos-x86_64, r-oldrel-macos-arm64, r-oldrel-macos-x86_64, r-oldrel-windows-ix86+x86_64