CRAN Package Check Results for Package SLOPE

Last updated on 2020-11-01 01:47:33 CET.

Flavor Version Tinstall Tcheck Ttotal Status Flags
r-devel-linux-x86_64-debian-clang 0.3.2 92.89 128.80 221.69 OK
r-devel-linux-x86_64-debian-gcc 0.3.2 72.99 96.35 169.34 OK
r-devel-linux-x86_64-fedora-clang 0.3.2 295.36 NOTE
r-devel-linux-x86_64-fedora-gcc 0.3.2 279.93 OK
r-devel-windows-ix86+x86_64 0.3.2 191.00 261.00 452.00 OK
r-patched-linux-x86_64 0.3.2 81.65 121.02 202.67 OK
r-patched-solaris-x86 0.3.2 331.30 OK
r-release-linux-x86_64 0.3.2 85.11 120.89 206.00 OK
r-release-macos-x86_64 0.3.2 NOTE
r-release-windows-ix86+x86_64 0.3.2 148.00 241.00 389.00 OK
r-oldrel-macos-x86_64 0.3.2 NOTE
r-oldrel-windows-ix86+x86_64 0.3.2 172.00 206.00 378.00 OK

Check Details

Version: 0.3.2
Check: installed package size
Result: NOTE
     installed size is 8.4Mb
     sub-directories of 1Mb or more:
     libs 8.0Mb
Flavors: r-devel-linux-x86_64-fedora-clang, r-release-macos-x86_64, r-oldrel-macos-x86_64