CRAN Package Check Results for Package SLHD

Last updated on 2020-04-02 12:51:48 CEST.

Flavor Version Tinstall Tcheck Ttotal Status Flags
r-devel-linux-x86_64-debian-clang 2.1-1 2.83 17.12 19.95 OK
r-devel-linux-x86_64-debian-gcc 2.1-1 2.33 13.79 16.12 OK
r-devel-linux-x86_64-fedora-clang 2.1-1 25.81 NOTE
r-devel-linux-x86_64-fedora-gcc 2.1-1 24.68 NOTE
r-devel-windows-ix86+x86_64 2.1-1 9.00 52.00 61.00 OK
r-devel-windows-ix86+x86_64-gcc8 2.1-1 9.00 37.00 46.00 OK
r-patched-linux-x86_64 2.1-1 2.82 16.74 19.56 OK
r-patched-solaris-x86 2.1-1 43.40 OK
r-release-linux-x86_64 2.1-1 2.50 15.84 18.34 OK
r-release-windows-ix86+x86_64 2.1-1 8.00 46.00 54.00 OK
r-release-osx-x86_64 2.1-1 OK
r-oldrel-windows-ix86+x86_64 2.1-1 6.00 30.00 36.00 OK
r-oldrel-osx-x86_64 2.1-1 OK

Check Details

Version: 2.1-1
Check: compiled code
Result: NOTE
    File ‘SLHD/libs/SLHD.so’:
     Found no calls to: ‘R_registerRoutines’, ‘R_useDynamicSymbols’
    
    It is good practice to register native routines and to disable symbol
    search.
    
    See ‘Writing portable packages’ in the ‘Writing R Extensions’ manual.
Flavors: r-devel-linux-x86_64-fedora-clang, r-devel-linux-x86_64-fedora-gcc