CRAN Package Check Results for Package SIfEK

Last updated on 2020-10-28 01:49:45 CET.

Flavor Version Tinstall Tcheck Ttotal Status Flags
r-devel-linux-x86_64-debian-clang 0.1.0 6.14 52.18 58.32 NOTE
r-devel-linux-x86_64-debian-gcc 0.1.0 4.83 37.76 42.59 NOTE
r-devel-linux-x86_64-fedora-clang 0.1.0 75.99 NOTE
r-devel-linux-x86_64-fedora-gcc 0.1.0 70.03 NOTE
r-devel-windows-ix86+x86_64 0.1.0 10.00 68.00 78.00 OK
r-patched-linux-x86_64 0.1.0 NOTE
r-patched-solaris-x86 0.1.0 88.30 NOTE
r-release-linux-x86_64 0.1.0 6.25 49.24 55.49 NOTE
r-release-macos-x86_64 0.1.0 OK
r-release-windows-ix86+x86_64 0.1.0 8.00 50.00 58.00 OK
r-oldrel-macos-x86_64 0.1.0 OK
r-oldrel-windows-ix86+x86_64 0.1.0 11.00 67.00 78.00 OK

Check Details

Version: 0.1.0
Check: for non-standard things in the check directory
Result: NOTE
    Found the following files/directories:
     'MM.csv' 'Simul.csv' 'catalytic.csv'
Flavors: r-devel-linux-x86_64-debian-clang, r-devel-linux-x86_64-debian-gcc, r-devel-linux-x86_64-fedora-clang, r-devel-linux-x86_64-fedora-gcc, r-patched-linux-x86_64, r-patched-solaris-x86, r-release-linux-x86_64