CRAN Package Check Results for Package SIRE

Last updated on 2022-08-08 12:55:07 CEST.

Flavor Version Tinstall Tcheck Ttotal Status Flags
r-devel-linux-x86_64-debian-clang 1.1.0 2.80 29.72 32.52 OK
r-devel-linux-x86_64-debian-gcc 1.1.0 2.11 23.50 25.61 OK
r-devel-linux-x86_64-fedora-clang 1.1.0 50.35 NOTE
r-devel-linux-x86_64-fedora-gcc 1.1.0 49.41 NOTE
r-devel-windows-x86_64 1.1.0 10.00 55.00 65.00 OK
r-patched-linux-x86_64 1.1.0 3.38 28.87 32.25 OK
r-release-linux-x86_64 1.1.0 OK
r-release-macos-arm64 1.1.0 20.00 NOTE
r-release-macos-x86_64 1.1.0 29.00 NOTE
r-release-windows-x86_64 1.1.0 11.00 58.00 69.00 OK
r-oldrel-macos-arm64 1.1.0 22.00 NOTE
r-oldrel-macos-x86_64 1.1.0 28.00 NOTE
r-oldrel-windows-ix86+x86_64 1.1.0 9.00 53.00 62.00 OK

Check Details

Version: 1.1.0
Check: dependencies in R code
Result: NOTE
    Namespaces in Imports field not imported from:
     ‘dplyr’ ‘magrittr’ ‘psych’ ‘stringr’
     All declared Imports should be used.
Flavors: r-devel-linux-x86_64-fedora-clang, r-devel-linux-x86_64-fedora-gcc, r-release-macos-arm64, r-release-macos-x86_64, r-oldrel-macos-arm64, r-oldrel-macos-x86_64