CRAN Package Check Results for Package SELF

Last updated on 2022-10-06 21:50:06 CEST.

Flavor Version Tinstall Tcheck Ttotal Status Flags
r-devel-linux-x86_64-debian-clang 0.1.1 21.21 81.76 102.97 NOTE
r-devel-linux-x86_64-debian-gcc 0.1.1 19.36 60.60 79.96 NOTE
r-devel-linux-x86_64-fedora-clang 0.1.1 157.30 NOTE
r-devel-linux-x86_64-fedora-gcc 0.1.1 146.92 NOTE
r-devel-windows-x86_64 0.1.1 26.00 122.00 148.00 NOTE
r-patched-linux-x86_64 0.1.1 19.85 76.27 96.12 NOTE
r-release-linux-x86_64 0.1.1 22.40 75.15 97.55 NOTE
r-release-macos-arm64 0.1.1 40.00 NOTE
r-release-macos-x86_64 0.1.1 50.00 NOTE
r-release-windows-x86_64 0.1.1 31.00 124.00 155.00 NOTE
r-oldrel-macos-arm64 0.1.1 45.00 NOTE
r-oldrel-macos-x86_64 0.1.1 76.00 NOTE
r-oldrel-windows-ix86+x86_64 0.1.1 60.00 141.00 201.00 NOTE

Check Details

Version: 0.1.1
Check: LazyData
Result: NOTE
     'LazyData' is specified without a 'data' directory
Flavors: r-devel-linux-x86_64-debian-clang, r-devel-linux-x86_64-debian-gcc, r-devel-linux-x86_64-fedora-clang, r-devel-linux-x86_64-fedora-gcc, r-devel-windows-x86_64, r-patched-linux-x86_64, r-release-linux-x86_64, r-release-macos-arm64, r-release-macos-x86_64, r-release-windows-x86_64, r-oldrel-macos-arm64, r-oldrel-macos-x86_64, r-oldrel-windows-ix86+x86_64