CRAN Package Check Results for Package SEIRfansy

Last updated on 2022-10-07 00:49:34 CEST.

Flavor Version Tinstall Tcheck Ttotal Status Flags
r-devel-linux-x86_64-debian-clang 1.1.1 15.71 130.08 145.79 OK
r-devel-linux-x86_64-debian-gcc 1.1.1 11.31 95.48 106.79 OK
r-devel-linux-x86_64-fedora-clang 1.1.1 193.46 NOTE
r-devel-linux-x86_64-fedora-gcc 1.1.1 184.41 NOTE
r-devel-windows-x86_64 1.1.1 23.00 146.00 169.00 OK
r-patched-linux-x86_64 1.1.1 14.43 119.03 133.46 OK
r-release-linux-x86_64 1.1.1 14.88 121.28 136.16 OK
r-release-macos-arm64 1.1.1 46.00 NOTE
r-release-macos-x86_64 1.1.1 80.00 NOTE
r-release-windows-x86_64 1.1.1 20.00 147.00 167.00 OK
r-oldrel-macos-arm64 1.1.1 52.00 NOTE
r-oldrel-macos-x86_64 1.1.1 67.00 NOTE
r-oldrel-windows-ix86+x86_64 1.1.1 36.00 136.00 172.00 OK

Check Details

Version: 1.1.1
Check: dependencies in R code
Result: NOTE
    Namespace in Imports field not imported from: ‘knitr’
     All declared Imports should be used.
Flavors: r-devel-linux-x86_64-fedora-clang, r-devel-linux-x86_64-fedora-gcc, r-release-macos-arm64, r-release-macos-x86_64, r-oldrel-macos-arm64, r-oldrel-macos-x86_64