CRAN Package Check Results for Package SCEPtERbinary

Last updated on 2020-10-29 13:48:55 CET.

Flavor Version Tinstall Tcheck Ttotal Status Flags
r-devel-linux-x86_64-debian-clang 0.1-1 3.30 22.34 25.64 OK
r-devel-linux-x86_64-debian-gcc 0.1-1 2.48 18.04 20.52 OK
r-devel-linux-x86_64-fedora-clang 0.1-1 40.12 NOTE
r-devel-linux-x86_64-fedora-gcc 0.1-1 33.27 NOTE
r-devel-windows-ix86+x86_64 0.1-1 8.00 50.00 58.00 OK
r-patched-linux-x86_64 0.1-1 3.15 21.97 25.12 OK
r-patched-solaris-x86 0.1-1 48.30 OK
r-release-linux-x86_64 0.1-1 3.08 21.89 24.97 OK
r-release-macos-x86_64 0.1-1 OK
r-release-windows-ix86+x86_64 0.1-1 7.00 45.00 52.00 OK
r-oldrel-macos-x86_64 0.1-1 OK
r-oldrel-windows-ix86+x86_64 0.1-1 12.00 46.00 58.00 OK

Check Details

Version: 0.1-1
Check: compiled code
Result: NOTE
    File ‘SCEPtERbinary/libs/SCEPtERbinary.so’:
     Found no calls to: ‘R_registerRoutines’, ‘R_useDynamicSymbols’
    
    It is good practice to register native routines and to disable symbol
    search.
    
    See ‘Writing portable packages’ in the ‘Writing R Extensions’ manual.
Flavors: r-devel-linux-x86_64-fedora-clang, r-devel-linux-x86_64-fedora-gcc