CRAN Package Check Results for Package SCEPtER

Last updated on 2020-10-26 13:47:09 CET.

Flavor Version Tinstall Tcheck Ttotal Status Flags
r-devel-linux-x86_64-debian-clang 0.2-1 4.75 23.45 28.20 OK
r-devel-linux-x86_64-debian-gcc 0.2-1 3.94 18.43 22.37 OK
r-devel-linux-x86_64-fedora-clang 0.2-1 42.75 NOTE
r-devel-linux-x86_64-fedora-gcc 0.2-1 35.29 NOTE
r-devel-windows-ix86+x86_64 0.2-1 9.00 48.00 57.00 NOTE
r-patched-linux-x86_64 0.2-1 4.84 22.52 27.36 OK
r-patched-solaris-x86 0.2-1 55.20 NOTE
r-release-linux-x86_64 0.2-1 4.71 22.44 27.15 OK
r-release-macos-x86_64 0.2-1 NOTE
r-release-windows-ix86+x86_64 0.2-1 8.00 39.00 47.00 NOTE
r-oldrel-macos-x86_64 0.2-1 NOTE
r-oldrel-windows-ix86+x86_64 0.2-1 9.00 34.00 43.00 NOTE

Check Details

Version: 0.2-1
Check: installed package size
Result: NOTE
     installed size is 6.8Mb
     sub-directories of 1Mb or more:
     data 6.7Mb
Flavors: r-devel-linux-x86_64-fedora-clang, r-devel-windows-ix86+x86_64, r-patched-solaris-x86, r-release-macos-x86_64, r-release-windows-ix86+x86_64, r-oldrel-macos-x86_64, r-oldrel-windows-ix86+x86_64

Version: 0.2-1
Check: compiled code
Result: NOTE
    File ‘SCEPtER/libs/SCEPtER.so’:
     Found no calls to: ‘R_registerRoutines’, ‘R_useDynamicSymbols’
    
    It is good practice to register native routines and to disable symbol
    search.
    
    See ‘Writing portable packages’ in the ‘Writing R Extensions’ manual.
Flavors: r-devel-linux-x86_64-fedora-clang, r-devel-linux-x86_64-fedora-gcc