CRAN Package Check Results for Package SC.MEB

Last updated on 2022-08-14 06:51:57 CEST.

Flavor Version Tinstall Tcheck Ttotal Status Flags
r-devel-linux-x86_64-debian-clang 1.1 54.29 141.11 195.40 OK
r-devel-linux-x86_64-debian-gcc 1.1 46.08 105.28 151.36 OK
r-devel-linux-x86_64-fedora-clang 1.1 261.41 NOTE
r-devel-linux-x86_64-fedora-gcc 1.1 269.80 NOTE
r-devel-windows-x86_64 1.1 46.00 197.00 243.00 OK
r-patched-linux-x86_64 1.1 47.01 134.03 181.04 OK
r-release-linux-x86_64 1.1 39.15 132.80 171.95 OK
r-release-macos-arm64 1.1 5.00 ERROR
r-release-macos-x86_64 1.1 131.00 NOTE
r-release-windows-x86_64 1.1 45.00 203.00 248.00 OK
r-oldrel-macos-arm64 1.1 79.00 NOTE
r-oldrel-macos-x86_64 1.1 93.00 NOTE
r-oldrel-windows-ix86+x86_64 1.1 125.00 243.00 368.00 OK

Check Details

Version: 1.1
Check: dependencies in R code
Result: NOTE
    Namespace in Imports field not imported from: ‘BiocSingular’
     All declared Imports should be used.
Flavors: r-devel-linux-x86_64-fedora-clang, r-devel-linux-x86_64-fedora-gcc, r-release-macos-x86_64, r-oldrel-macos-arm64, r-oldrel-macos-x86_64

Version: 1.1
Check: package dependencies
Result: ERROR
    Package required but not available: ‘scran’
    
    See section ‘The DESCRIPTION file’ in the ‘Writing R Extensions’
    manual.
Flavor: r-release-macos-arm64