CRAN Package Check Results for Package SBRect

Last updated on 2020-10-28 01:49:45 CET.

Flavor Version Tinstall Tcheck Ttotal Status Flags
r-devel-linux-x86_64-debian-clang 0.26 3.48 34.99 38.47 NOTE
r-devel-linux-x86_64-debian-gcc 0.26 2.55 26.94 29.49 NOTE
r-devel-linux-x86_64-fedora-clang 0.26 57.41 NOTE
r-devel-linux-x86_64-fedora-gcc 0.26 50.49 NOTE
r-devel-windows-ix86+x86_64 0.26 8.00 52.00 60.00 NOTE
r-patched-linux-x86_64 0.26 NOTE
r-patched-solaris-x86 0.26 65.60 NOTE
r-release-linux-x86_64 0.26 3.24 33.04 36.28 NOTE
r-release-macos-x86_64 0.26 NOTE
r-release-windows-ix86+x86_64 0.26 7.00 40.00 47.00 NOTE
r-oldrel-macos-x86_64 0.26 NOTE
r-oldrel-windows-ix86+x86_64 0.26 3.00 6.00 9.00 ERROR

Check Details

Version: 0.26
Check: DESCRIPTION meta-information
Result: NOTE
    Malformed Title field: should not end in a period.
    BugReports field is not a suitable URL but appears to contain an email address
     not specified by mailto: nor contained in < >
     use the Contact field instead
Flavors: r-devel-linux-x86_64-debian-clang, r-devel-linux-x86_64-debian-gcc, r-devel-linux-x86_64-fedora-clang, r-devel-linux-x86_64-fedora-gcc, r-devel-windows-ix86+x86_64, r-patched-linux-x86_64, r-patched-solaris-x86, r-release-linux-x86_64, r-release-macos-x86_64, r-release-windows-ix86+x86_64

Version: 0.26
Check: DESCRIPTION meta-information
Result: NOTE
    Malformed Title field: should not end in a period.
    BugReports field is not a suitable URL but appears to contain an email address
     not specified by mailto: nor contained in < >
Flavor: r-oldrel-macos-x86_64

Version: 0.26
Check: whether package can be installed
Result: ERROR
    Installation failed.
Flavor: r-oldrel-windows-ix86+x86_64