CRAN Package Check Results for Package SBICgraph

Last updated on 2024-02-26 21:53:03 CET.

Flavor Version Tinstall Tcheck Ttotal Status Flags
r-devel-linux-x86_64-debian-clang 1.0.0 8.53 113.01 121.54 NOTE
r-devel-linux-x86_64-debian-gcc 1.0.0 7.05 86.48 93.53 NOTE
r-devel-linux-x86_64-fedora-clang 1.0.0 152.63 NOTE
r-devel-linux-x86_64-fedora-gcc 1.0.0 158.00 NOTE
r-devel-windows-x86_64 1.0.0 8.00 136.00 144.00 NOTE
r-patched-linux-x86_64 1.0.0 6.76 111.14 117.90 NOTE
r-release-linux-x86_64 1.0.0 7.06 115.58 122.64 NOTE
r-release-macos-arm64 1.0.0 58.00 NOTE
r-release-macos-x86_64 1.0.0 94.00 NOTE
r-release-windows-x86_64 1.0.0 11.00 156.00 167.00 NOTE
r-oldrel-macos-arm64 1.0.0 46.00 NOTE
r-oldrel-windows-x86_64 1.0.0 11.00 155.00 166.00 NOTE

Check Details

Version: 1.0.0
Check: LazyData
Result: NOTE 'LazyData' is specified without a 'data' directory Flavors: r-devel-linux-x86_64-debian-clang, r-devel-linux-x86_64-debian-gcc, r-devel-linux-x86_64-fedora-clang, r-devel-linux-x86_64-fedora-gcc, r-devel-windows-x86_64, r-patched-linux-x86_64, r-release-linux-x86_64, r-release-macos-arm64, r-release-macos-x86_64, r-release-windows-x86_64, r-oldrel-macos-arm64, r-oldrel-windows-x86_64

Version: 1.0.0
Check: dependencies in R code
Result: NOTE Namespace in Imports field not imported from: ‘network’ All declared Imports should be used. Flavors: r-devel-linux-x86_64-fedora-clang, r-devel-linux-x86_64-fedora-gcc, r-oldrel-macos-arm64