Last updated on 2023-01-31 19:07:36 CET.
Flavor | Version | Tinstall | Tcheck | Ttotal | Status | Flags |
---|---|---|---|---|---|---|
r-devel-linux-x86_64-debian-clang | 1.0.0 | 7.47 | 112.39 | 119.86 | NOTE | |
r-devel-linux-x86_64-debian-gcc | 1.0.0 | 6.63 | 87.54 | 94.17 | NOTE | |
r-devel-linux-x86_64-fedora-clang | 1.0.0 | 151.87 | NOTE | |||
r-devel-linux-x86_64-fedora-gcc | 1.0.0 | 160.47 | NOTE | |||
r-devel-windows-x86_64 | 1.0.0 | 18.00 | 188.00 | 206.00 | NOTE | |
r-patched-linux-x86_64 | 1.0.0 | 8.45 | 111.21 | 119.66 | NOTE | |
r-release-linux-x86_64 | 1.0.0 | 6.52 | 114.80 | 121.32 | NOTE | |
r-release-macos-arm64 | 1.0.0 | 46.00 | NOTE | |||
r-release-macos-x86_64 | 1.0.0 | 64.00 | NOTE | |||
r-release-windows-x86_64 | 1.0.0 | 17.00 | 198.00 | 215.00 | NOTE | |
r-oldrel-macos-arm64 | 1.0.0 | 54.00 | NOTE | |||
r-oldrel-macos-x86_64 | 1.0.0 | 82.00 | NOTE | |||
r-oldrel-windows-ix86+x86_64 | 1.0.0 | 18.00 | 139.00 | 157.00 | NOTE |
Version: 1.0.0
Check: LazyData
Result: NOTE
'LazyData' is specified without a 'data' directory
Flavors: r-devel-linux-x86_64-debian-clang, r-devel-linux-x86_64-debian-gcc, r-devel-linux-x86_64-fedora-clang, r-devel-linux-x86_64-fedora-gcc, r-devel-windows-x86_64, r-patched-linux-x86_64, r-release-linux-x86_64, r-release-macos-arm64, r-release-macos-x86_64, r-release-windows-x86_64, r-oldrel-macos-arm64, r-oldrel-macos-x86_64, r-oldrel-windows-ix86+x86_64
Version: 1.0.0
Check: dependencies in R code
Result: NOTE
Namespace in Imports field not imported from: ‘network’
All declared Imports should be used.
Flavors: r-devel-linux-x86_64-fedora-clang, r-devel-linux-x86_64-fedora-gcc, r-release-macos-arm64, r-release-macos-x86_64, r-oldrel-macos-arm64, r-oldrel-macos-x86_64