CRAN Package Check Results for Package SARP.compo

Last updated on 2022-06-26 12:54:58 CEST.

Flavor Version Tinstall Tcheck Ttotal Status Flags
r-devel-linux-x86_64-debian-clang 0.1.5 4.37 60.51 64.88 NOTE
r-devel-linux-x86_64-debian-gcc 0.1.5 3.59 46.38 49.97 NOTE
r-devel-linux-x86_64-fedora-clang 0.1.5 87.83 NOTE
r-devel-linux-x86_64-fedora-gcc 0.1.5 86.73 NOTE
r-devel-windows-x86_64 0.1.5 35.00 94.00 129.00 NOTE
r-patched-linux-x86_64 0.1.5 4.57 57.57 62.14 OK
r-release-linux-x86_64 0.1.5 5.66 57.07 62.73 OK
r-release-macos-arm64 0.1.5 28.00 OK
r-release-macos-x86_64 0.1.5 47.00 OK
r-release-windows-x86_64 0.1.5 31.00 92.00 123.00 OK
r-oldrel-macos-arm64 0.1.5 42.00 OK
r-oldrel-macos-x86_64 0.1.5 68.00 OK
r-oldrel-windows-ix86+x86_64 0.1.5 12.00 89.00 101.00 OK

Check Details

Version: 0.1.5
Check: Rd files
Result: NOTE
    checkRd: (-1) generef.Rd:29: Escaped LaTeX specials: \&
Flavors: r-devel-linux-x86_64-debian-clang, r-devel-linux-x86_64-debian-gcc, r-devel-linux-x86_64-fedora-clang, r-devel-linux-x86_64-fedora-gcc, r-devel-windows-x86_64