CRAN Package Check Results for Package SAR

Last updated on 2022-08-14 00:54:31 CEST.

Flavor Version Tinstall Tcheck Ttotal Status Flags
r-devel-linux-x86_64-debian-clang 1.0.3 75.51 105.27 180.78 NOTE
r-devel-linux-x86_64-debian-gcc 1.0.3 59.56 78.41 137.97 NOTE
r-devel-linux-x86_64-fedora-clang 1.0.3 248.49 NOTE
r-devel-linux-x86_64-fedora-gcc 1.0.3 233.14 NOTE
r-devel-windows-x86_64 1.0.3 71.00 144.00 215.00 NOTE
r-patched-linux-x86_64 1.0.3 60.79 100.58 161.37 NOTE
r-release-linux-x86_64 1.0.3 52.45 99.40 151.85 NOTE
r-release-macos-arm64 1.0.3 61.00 NOTE
r-release-macos-x86_64 1.0.3 104.00 NOTE
r-release-windows-x86_64 1.0.3 67.00 151.00 218.00 NOTE
r-oldrel-macos-arm64 1.0.3 71.00 NOTE
r-oldrel-macos-x86_64 1.0.3 118.00 NOTE
r-oldrel-windows-ix86+x86_64 1.0.3 188.00 168.00 356.00 NOTE

Check Details

Version: 1.0.3
Check: for GNU extensions in Makefiles
Result: NOTE
    GNU make is a SystemRequirements.
Flavors: r-devel-linux-x86_64-debian-clang, r-devel-linux-x86_64-debian-gcc, r-devel-linux-x86_64-fedora-clang, r-devel-linux-x86_64-fedora-gcc, r-devel-windows-x86_64, r-patched-linux-x86_64, r-release-linux-x86_64, r-release-macos-arm64, r-release-macos-x86_64, r-release-windows-x86_64, r-oldrel-macos-arm64, r-oldrel-macos-x86_64, r-oldrel-windows-ix86+x86_64

Version: 1.0.3
Check: dependencies in R code
Result: NOTE
    Namespaces in Imports field not imported from:
     ‘httr’ ‘jsonlite’
     All declared Imports should be used.
Flavors: r-devel-linux-x86_64-fedora-clang, r-devel-linux-x86_64-fedora-gcc, r-release-macos-arm64, r-release-macos-x86_64, r-oldrel-macos-arm64, r-oldrel-macos-x86_64