CRAN Package Check Results for Package SAR

Last updated on 2020-06-01 13:49:48 CEST.

Flavor Version Tinstall Tcheck Ttotal Status Flags
r-devel-linux-x86_64-debian-clang 1.0.1 78.88 80.39 159.27 NOTE
r-devel-linux-x86_64-debian-gcc 1.0.1 60.89 62.04 122.93 NOTE
r-devel-linux-x86_64-fedora-clang 1.0.1 207.46 NOTE
r-devel-linux-x86_64-fedora-gcc 1.0.1 196.78 NOTE
r-devel-windows-ix86+x86_64 1.0.1 196.00 193.00 389.00 NOTE
r-patched-linux-x86_64 1.0.1 62.70 78.77 141.47 NOTE
r-patched-solaris-x86 1.0.1 229.50 NOTE
r-release-linux-x86_64 1.0.1 61.22 79.31 140.53 NOTE
r-release-osx-x86_64 1.0.1 NOTE
r-release-windows-ix86+x86_64 1.0.1 152.00 152.00 304.00 NOTE
r-oldrel-osx-x86_64 1.0.1 NOTE
r-oldrel-windows-ix86+x86_64 1.0.1 142.00 135.00 277.00 NOTE

Check Details

Version: 1.0.1
Check: for GNU extensions in Makefiles
Result: NOTE
    GNU make is a SystemRequirements.
Flavors: r-devel-linux-x86_64-debian-clang, r-devel-linux-x86_64-debian-gcc, r-devel-linux-x86_64-fedora-clang, r-devel-linux-x86_64-fedora-gcc, r-devel-windows-ix86+x86_64, r-patched-linux-x86_64, r-patched-solaris-x86, r-release-linux-x86_64, r-release-osx-x86_64, r-release-windows-ix86+x86_64, r-oldrel-osx-x86_64, r-oldrel-windows-ix86+x86_64

Version: 1.0.1
Check: dependencies in R code
Result: NOTE
    Namespaces in Imports field not imported from:
     ‘httr’ ‘jsonlite’
     All declared Imports should be used.
Flavors: r-devel-linux-x86_64-fedora-clang, r-devel-linux-x86_64-fedora-gcc, r-patched-solaris-x86, r-release-osx-x86_64, r-oldrel-osx-x86_64