CRAN Package Check Results for Package SAGMM

Last updated on 2024-06-22 06:51:00 CEST.

Flavor Version Tinstall Tcheck Ttotal Status Flags
r-devel-linux-x86_64-debian-clang 0.2.4 28.17 34.93 63.10 NOTE
r-devel-linux-x86_64-debian-gcc 0.2.4 24.04 26.79 50.83 NOTE
r-devel-linux-x86_64-fedora-clang 0.2.4 96.91 NOTE
r-devel-linux-x86_64-fedora-gcc 0.2.4 96.11 NOTE
r-devel-windows-x86_64 0.2.4 29.00 74.00 103.00 NOTE
r-patched-linux-x86_64 0.2.4 30.98 32.88 63.86 NOTE
r-release-linux-x86_64 0.2.4 28.71 35.44 64.15 NOTE
r-release-macos-arm64 0.2.4 28.00 NOTE
r-release-macos-x86_64 0.2.4 46.00 NOTE
r-release-windows-x86_64 0.2.4 29.00 74.00 103.00 NOTE
r-oldrel-macos-arm64 0.2.4 30.00 NOTE
r-oldrel-macos-x86_64 0.2.4 47.00 NOTE
r-oldrel-windows-x86_64 0.2.4 36.00 81.00 117.00 NOTE

Check Details

Version: 0.2.4
Check: C++ specification
Result: NOTE Specified C++11: please drop specification unless essential Flavors: r-devel-linux-x86_64-debian-clang, r-devel-linux-x86_64-debian-gcc, r-devel-linux-x86_64-fedora-clang, r-devel-linux-x86_64-fedora-gcc, r-devel-windows-x86_64, r-patched-linux-x86_64, r-release-linux-x86_64, r-release-macos-arm64, r-release-macos-x86_64, r-release-windows-x86_64, r-oldrel-macos-arm64, r-oldrel-macos-x86_64, r-oldrel-windows-x86_64