CRAN Package Check Results for Package SAEval

Last updated on 2022-06-26 12:54:57 CEST.

Flavor Version Tinstall Tcheck Ttotal Status Flags
r-devel-linux-x86_64-debian-clang 0.1.5 9.78 77.28 87.06 OK
r-devel-linux-x86_64-debian-gcc 0.1.5 5.20 56.31 61.51 OK
r-devel-linux-x86_64-fedora-clang 0.1.5 107.71 NOTE
r-devel-linux-x86_64-fedora-gcc 0.1.5 106.40 NOTE
r-devel-windows-x86_64 0.1.5 14.00 103.00 117.00 OK
r-patched-linux-x86_64 0.1.5 8.82 70.90 79.72 OK
r-release-linux-x86_64 0.1.5 8.60 71.30 79.90 OK
r-release-macos-arm64 0.1.5 30.00 NOTE
r-release-macos-x86_64 0.1.5 45.00 NOTE
r-release-windows-x86_64 0.1.5 16.00 99.00 115.00 OK
r-oldrel-macos-arm64 0.1.5 30.00 NOTE
r-oldrel-macos-x86_64 0.1.5 43.00 NOTE
r-oldrel-windows-ix86+x86_64 0.1.5 22.00 93.00 115.00 OK

Check Details

Version: 0.1.5
Check: data for non-ASCII characters
Result: NOTE
     Note: found 4 marked UTF-8 strings
Flavors: r-devel-linux-x86_64-fedora-clang, r-devel-linux-x86_64-fedora-gcc, r-release-macos-arm64, r-release-macos-x86_64, r-oldrel-macos-arm64, r-oldrel-macos-x86_64